CRAN Package Check Results for Package Rraven

Last updated on 2025-04-30 04:50:18 CEST.

Flavor Version Tinstall Tcheck Ttotal Status Flags
r-devel-linux-x86_64-debian-clang 1.0.14 3.85 40.59 44.44 OK
r-devel-linux-x86_64-debian-gcc 1.0.14 1.90 31.43 33.33 OK
r-devel-linux-x86_64-fedora-clang 1.0.14 68.82 OK
r-devel-linux-x86_64-fedora-gcc 1.0.14 79.23 OK
r-devel-windows-x86_64 1.0.14 5.00 65.00 70.00 OK
r-patched-linux-x86_64 1.0.14 3.77 38.75 42.52 OK
r-release-linux-x86_64 1.0.14 3.53 37.82 41.35 OK
r-release-macos-arm64 1.0.14 43.00 OK
r-release-macos-x86_64 1.0.14 84.00 OK
r-release-windows-x86_64 1.0.14 7.00 70.00 77.00 OK
r-oldrel-macos-arm64 1.0.14 44.00 NOTE
r-oldrel-macos-x86_64 1.0.14 70.00 NOTE
r-oldrel-windows-x86_64 1.0.14 7.00 74.00 81.00 NOTE

Check Details

Version: 1.0.14
Check: installed package size
Result: NOTE installed size is 5.5Mb sub-directories of 1Mb or more: doc 5.3Mb Flavors: r-oldrel-macos-arm64, r-oldrel-macos-x86_64, r-oldrel-windows-x86_64