CRAN Package Check Results for Package Rrdap

Last updated on 2025-04-30 04:50:18 CEST.

Flavor Version Tinstall Tcheck Ttotal Status Flags
r-devel-linux-x86_64-debian-clang 1.0.7 2.87 25.65 28.52 NOTE
r-devel-linux-x86_64-debian-gcc 1.0.7 1.94 20.40 22.34 NOTE
r-devel-linux-x86_64-fedora-clang 1.0.7 40.96 OK
r-devel-linux-x86_64-fedora-gcc 1.0.7 40.00 OK
r-devel-windows-x86_64 1.0.7 4.00 46.00 50.00 OK
r-patched-linux-x86_64 1.0.7 2.57 23.97 26.54 OK
r-release-linux-x86_64 1.0.7 2.74 23.90 26.64 OK
r-release-macos-arm64 1.0.7 25.00 OK
r-release-macos-x86_64 1.0.7 37.00 OK
r-release-windows-x86_64 1.0.7 4.00 48.00 52.00 OK
r-oldrel-macos-arm64 1.0.7 25.00 OK
r-oldrel-macos-x86_64 1.0.7 29.00 OK
r-oldrel-windows-x86_64 1.0.7 5.00 48.00 53.00 OK

Check Details

Version: 1.0.7
Check: CRAN incoming feasibility
Result: NOTE Maintainer: ‘Brad Cable <brad@bcable.net>’ No Authors@R field in DESCRIPTION. Please add one, modifying Authors@R: person(given = "Brad", family = "Cable", role = c("aut", "cre"), email = "brad@bcable.net") as necessary. Flavors: r-devel-linux-x86_64-debian-clang, r-devel-linux-x86_64-debian-gcc