Last updated on 2025-04-30 04:50:18 CEST.
Flavor | Version | Tinstall | Tcheck | Ttotal | Status | Flags |
---|---|---|---|---|---|---|
r-devel-linux-x86_64-debian-clang | 1.5.4 | 11.30 | 74.30 | 85.60 | NOTE | |
r-devel-linux-x86_64-debian-gcc | 1.5.4 | 8.60 | 52.16 | 60.76 | NOTE | |
r-devel-linux-x86_64-fedora-clang | 1.5.4 | 134.46 | OK | |||
r-devel-linux-x86_64-fedora-gcc | 1.5.4 | 126.08 | OK | |||
r-devel-windows-x86_64 | 1.5.4 | 11.00 | 86.00 | 97.00 | OK | |
r-patched-linux-x86_64 | 1.5.4 | 11.37 | 68.75 | 80.12 | OK | |
r-release-linux-x86_64 | 1.5.4 | 10.83 | 69.11 | 79.94 | OK | |
r-release-macos-arm64 | 1.5.4 | 40.00 | OK | |||
r-release-macos-x86_64 | 1.5.4 | 72.00 | OK | |||
r-release-windows-x86_64 | 1.5.4 | 12.00 | 96.00 | 108.00 | OK | |
r-oldrel-macos-arm64 | 1.5.4 | 44.00 | OK | |||
r-oldrel-macos-x86_64 | 1.5.4 | 70.00 | OK | |||
r-oldrel-windows-x86_64 | 1.5.4 | 16.00 | 103.00 | 119.00 | OK |
Version: 1.5.4
Check: examples
Result: NOTE
Examples with CPU (user + system) or elapsed time > 5s
user system elapsed
Rrepest 7.188 0.092 8.21
Flavor: r-devel-linux-x86_64-debian-clang
Version: 1.5.4
Check: examples
Result: NOTE
Examples with CPU (user + system) or elapsed time > 5s
user system elapsed
Rrepest 4.839 0.081 6.035
Flavor: r-devel-linux-x86_64-debian-gcc