CRAN Package Check Results for Package RsimMosaic

Last updated on 2025-04-30 04:50:18 CEST.

Flavor Version Tinstall Tcheck Ttotal Status Flags
r-devel-linux-x86_64-debian-clang 1.0.3 2.23 29.45 31.68 NOTE
r-devel-linux-x86_64-debian-gcc 1.0.3 1.49 20.93 22.42 NOTE
r-devel-linux-x86_64-fedora-clang 1.0.3 50.76 OK
r-devel-linux-x86_64-fedora-gcc 1.0.3 50.30 OK
r-devel-windows-x86_64 1.0.3 4.00 57.00 61.00 NOTE
r-patched-linux-x86_64 1.0.3 2.41 28.69 31.10 NOTE
r-release-linux-x86_64 1.0.3 2.46 28.08 30.54 NOTE
r-release-macos-arm64 1.0.3 20.00 OK
r-release-macos-x86_64 1.0.3 34.00 OK
r-release-windows-x86_64 1.0.3 4.00 54.00 58.00 NOTE
r-oldrel-macos-arm64 1.0.3 19.00 OK
r-oldrel-macos-x86_64 1.0.3 29.00 OK
r-oldrel-windows-x86_64 1.0.3 5.00 58.00 63.00 OK

Check Details

Version: 1.0.3
Check: CRAN incoming feasibility
Result: NOTE Maintainer: ‘Alberto Krone-Martins <algol@sim.ul.pt>’ No Authors@R field in DESCRIPTION. Please add one, modifying Authors@R: person(given = "Alberto", family = "Krone-Martins", role = c("aut", "cre"), email = "algol@sim.ul.pt") as necessary. Flavors: r-devel-linux-x86_64-debian-clang, r-devel-linux-x86_64-debian-gcc

Version: 1.0.3
Check: Rd cross-references
Result: NOTE Found the following Rd file(s) with Rd \link{} targets missing package anchors: bilinearInterpolator.Rd: interp.surface.grid computeStatisticalQuantitiesTile.Rd: readJPEG getCloseMatch.Rd: nn2 Please provide package anchors for all Rd \link{} targets not in the package itself and the base packages. Flavors: r-devel-linux-x86_64-debian-clang, r-devel-linux-x86_64-debian-gcc, r-devel-windows-x86_64, r-patched-linux-x86_64, r-release-linux-x86_64, r-release-windows-x86_64