CRAN Package Check Results for Package Rsolnp

Last updated on 2025-04-30 04:50:18 CEST.

Flavor Version Tinstall Tcheck Ttotal Status Flags
r-devel-linux-x86_64-debian-clang 1.16 3.51 27.32 30.83 NOTE
r-devel-linux-x86_64-debian-gcc 1.16 3.14 20.36 23.50 NOTE
r-devel-linux-x86_64-fedora-clang 1.16 51.04 OK
r-devel-linux-x86_64-fedora-gcc 1.16 48.19 OK
r-devel-windows-x86_64 1.16 5.00 50.00 55.00 OK
r-patched-linux-x86_64 1.16 3.51 26.71 30.22 OK
r-release-linux-x86_64 1.16 3.55 26.35 29.90 OK
r-release-macos-arm64 1.16 19.00 OK
r-release-macos-x86_64 1.16 39.00 OK
r-release-windows-x86_64 1.16 4.00 49.00 53.00 OK
r-oldrel-macos-arm64 1.16 26.00 OK
r-oldrel-macos-x86_64 1.16 36.00 OK
r-oldrel-windows-x86_64 1.16 7.00 49.00 56.00 OK

Check Details

Version: 1.16
Check: CRAN incoming feasibility
Result: NOTE Maintainer: ‘Alexios Ghalanos <alexios@4dscape.com>’ No Authors@R field in DESCRIPTION. Please add one, modifying Authors@R: c(person(given = "Alexios", family = "Ghalanos", role = c("aut", "cre"), email = "alexios@4dscape.com"), person(given = "Stefan", family = "Theussl", role = "aut")) as necessary. Package CITATION file contains call(s) to old-style personList() or as.personList(). Please use c() on person objects instead. Package CITATION file contains call(s) to old-style citEntry(). Please use bibentry() instead. Flavors: r-devel-linux-x86_64-debian-clang, r-devel-linux-x86_64-debian-gcc