CRAN Package Check Results for Package Rspc

Last updated on 2025-04-30 04:50:18 CEST.

Flavor Version Tinstall Tcheck Ttotal Status Flags
r-devel-linux-x86_64-debian-clang 1.2.2 2.18 23.30 25.48 OK
r-devel-linux-x86_64-debian-gcc 1.2.2 1.71 18.19 19.90 OK
r-devel-linux-x86_64-fedora-clang 1.2.2 39.52 OK
r-devel-linux-x86_64-fedora-gcc 1.2.2 52.77 OK
r-devel-windows-x86_64 1.2.2 4.00 44.00 48.00 OK
r-patched-linux-x86_64 1.2.2 2.53 21.52 24.05 OK
r-release-linux-x86_64 1.2.2 2.17 21.60 23.77 OK
r-release-macos-arm64 1.2.2 26.00 OK
r-release-macos-x86_64 1.2.2 60.00 OK
r-release-windows-x86_64 1.2.2 4.00 47.00 51.00 OK
r-oldrel-macos-arm64 1.2.2 23.00 NOTE
r-oldrel-macos-x86_64 1.2.2 32.00 NOTE
r-oldrel-windows-x86_64 1.2.2 4.00 53.00 57.00 NOTE

Check Details

Version: 1.2.2
Check: LazyData
Result: NOTE 'LazyData' is specified without a 'data' directory Flavors: r-oldrel-macos-arm64, r-oldrel-macos-x86_64, r-oldrel-windows-x86_64