CRAN Package Check Results for Package Rtrack

Last updated on 2025-04-30 04:50:18 CEST.

Flavor Version Tinstall Tcheck Ttotal Status Flags
r-devel-linux-x86_64-debian-clang 2.0.3 63.22 271.34 334.56 OK
r-devel-linux-x86_64-debian-gcc 2.0.3 41.03 170.03 211.06 OK
r-devel-linux-x86_64-fedora-clang 2.0.3 523.07 OK
r-devel-linux-x86_64-fedora-gcc 2.0.3 495.13 OK
r-devel-windows-x86_64 2.0.3 55.00 210.00 265.00 OK
r-patched-linux-x86_64 2.0.3 57.76 254.06 311.82 OK
r-release-linux-x86_64 2.0.3 56.37 254.18 310.55 OK
r-release-macos-arm64 2.0.3 143.00 OK
r-release-macos-x86_64 2.0.3 245.00 OK
r-release-windows-x86_64 2.0.3 57.00 215.00 272.00 OK
r-oldrel-macos-arm64 2.0.3 115.00 NOTE
r-oldrel-macos-x86_64 2.0.3 180.00 NOTE
r-oldrel-windows-x86_64 2.0.3 76.00 290.00 366.00 NOTE

Check Details

Version: 2.0.3
Check: installed package size
Result: NOTE installed size is 6.2Mb sub-directories of 1Mb or more: R 6.0Mb Flavors: r-oldrel-macos-arm64, r-oldrel-macos-x86_64, r-oldrel-windows-x86_64