Last updated on 2025-07-05 04:50:25 CEST.
Flavor | Version | Tinstall | Tcheck | Ttotal | Status | Flags |
---|---|---|---|---|---|---|
r-devel-linux-x86_64-debian-clang | 2.0.3 | 63.11 | 269.62 | 332.73 | OK | |
r-devel-linux-x86_64-debian-gcc | 2.0.3 | 39.11 | 169.54 | 208.65 | OK | |
r-devel-linux-x86_64-fedora-clang | 2.0.3 | 538.16 | OK | |||
r-devel-linux-x86_64-fedora-gcc | 2.0.3 | 503.68 | OK | |||
r-devel-windows-x86_64 | 2.0.3 | 54.00 | 202.00 | 256.00 | OK | |
r-patched-linux-x86_64 | 2.0.3 | 55.27 | 254.62 | 309.89 | OK | |
r-release-linux-x86_64 | 2.0.3 | 50.72 | 251.77 | 302.49 | OK | |
r-release-macos-arm64 | 2.0.3 | 143.00 | OK | |||
r-release-macos-x86_64 | 2.0.3 | 245.00 | OK | |||
r-release-windows-x86_64 | 2.0.3 | 53.00 | 208.00 | 261.00 | OK | |
r-oldrel-macos-arm64 | 2.0.3 | 115.00 | NOTE | |||
r-oldrel-macos-x86_64 | 2.0.3 | 180.00 | NOTE | |||
r-oldrel-windows-x86_64 | 2.0.3 | 76.00 | 287.00 | 363.00 | NOTE |
Version: 2.0.3
Check: installed package size
Result: NOTE
installed size is 6.2Mb
sub-directories of 1Mb or more:
R 6.0Mb
Flavors: r-oldrel-macos-arm64, r-oldrel-macos-x86_64, r-oldrel-windows-x86_64