Last updated on 2025-02-21 03:52:25 CET.
Flavor | Version | Tinstall | Tcheck | Ttotal | Status | Flags |
---|---|---|---|---|---|---|
r-devel-linux-x86_64-debian-clang | 0.3.6 | 8.71 | 22.25 | 30.96 | OK | |
r-devel-linux-x86_64-debian-gcc | 0.3.6 | 6.40 | 18.18 | 24.58 | OK | |
r-devel-linux-x86_64-fedora-clang | 0.3.6 | 50.41 | OK | |||
r-devel-linux-x86_64-fedora-gcc | 0.3.6 | 65.08 | OK | |||
r-devel-macos-arm64 | 0.3.6 | 32.00 | OK | |||
r-devel-macos-x86_64 | 0.3.6 | 56.00 | OK | |||
r-devel-windows-x86_64 | 0.3.6 | 31.00 | 50.00 | 81.00 | OK | |
r-patched-linux-x86_64 | 0.3.6 | 8.27 | 21.42 | 29.69 | NOTE | |
r-release-linux-x86_64 | 0.3.6 | 8.44 | 21.51 | 29.95 | NOTE | |
r-release-macos-arm64 | 0.3.6 | 30.00 | NOTE | |||
r-release-macos-x86_64 | 0.3.6 | 38.00 | NOTE | |||
r-release-windows-x86_64 | 0.3.6 | 26.00 | 51.00 | 77.00 | NOTE | |
r-oldrel-macos-arm64 | 0.3.6 | 35.00 | NOTE | |||
r-oldrel-macos-x86_64 | 0.3.6 | 60.00 | NOTE | |||
r-oldrel-windows-x86_64 | 0.3.6 | 30.00 | 52.00 | 82.00 | NOTE |
Version: 0.3.6
Check: for GNU extensions in Makefiles
Result: NOTE
GNU make is a SystemRequirements.
Flavors: r-patched-linux-x86_64, r-release-linux-x86_64, r-release-macos-arm64, r-release-macos-x86_64, r-release-windows-x86_64, r-oldrel-macos-arm64, r-oldrel-macos-x86_64, r-oldrel-windows-x86_64