CRAN Package Check Results for Package Rwofost

Last updated on 2025-04-30 04:50:18 CEST.

Flavor Version Tinstall Tcheck Ttotal Status Flags
r-devel-linux-x86_64-debian-clang 0.8-3 54.40 52.71 107.11 NOTE
r-devel-linux-x86_64-debian-gcc 0.8-3 43.84 35.94 79.78 NOTE
r-devel-linux-x86_64-fedora-clang 0.8-3 193.28 NOTE
r-devel-linux-x86_64-fedora-gcc 0.8-3 188.89 NOTE
r-devel-windows-x86_64 0.8-3 62.00 103.00 165.00 NOTE
r-patched-linux-x86_64 0.8-3 61.33 50.09 111.42 NOTE
r-release-linux-x86_64 0.8-3 60.42 49.44 109.86 NOTE
r-release-macos-arm64 0.8-3 48.00 NOTE
r-release-macos-x86_64 0.8-3 81.00 NOTE
r-release-windows-x86_64 0.8-3 61.00 101.00 162.00 NOTE
r-oldrel-macos-arm64 0.8-3 48.00 NOTE
r-oldrel-macos-x86_64 0.8-3 69.00 NOTE
r-oldrel-windows-x86_64 0.8-3 73.00 111.00 184.00 NOTE

Check Details

Version: 0.8-3
Check: C++ specification
Result: NOTE Specified C++11: please drop specification unless essential Flavors: r-devel-linux-x86_64-debian-clang, r-devel-linux-x86_64-debian-gcc, r-devel-linux-x86_64-fedora-clang, r-devel-linux-x86_64-fedora-gcc, r-devel-windows-x86_64, r-patched-linux-x86_64, r-release-linux-x86_64, r-release-macos-arm64, r-release-macos-x86_64, r-release-windows-x86_64, r-oldrel-macos-arm64, r-oldrel-macos-x86_64, r-oldrel-windows-x86_64

Version: 0.8-3
Check: installed package size
Result: NOTE installed size is 10.3Mb sub-directories of 1Mb or more: libs 9.3Mb Flavors: r-oldrel-macos-arm64, r-oldrel-macos-x86_64