Last updated on 2025-04-30 04:50:18 CEST.
Flavor | Version | Tinstall | Tcheck | Ttotal | Status | Flags |
---|---|---|---|---|---|---|
r-devel-linux-x86_64-debian-clang | 1.1.5 | 83.75 | 93.95 | 177.70 | NOTE | |
r-devel-linux-x86_64-debian-gcc | 1.1.5 | 62.38 | 66.32 | 128.70 | NOTE | |
r-devel-linux-x86_64-fedora-clang | 1.1.5 | 362.30 | NOTE | |||
r-devel-linux-x86_64-fedora-gcc | 1.1.5 | 369.10 | NOTE | |||
r-devel-windows-x86_64 | 1.1.5 | 108.00 | 136.00 | 244.00 | NOTE | |
r-patched-linux-x86_64 | 1.1.5 | 85.67 | 90.06 | 175.73 | NOTE | |
r-release-linux-x86_64 | 1.1.5 | 85.62 | 89.63 | 175.25 | NOTE | |
r-release-macos-arm64 | 1.1.5 | 94.00 | NOTE | |||
r-release-macos-x86_64 | 1.1.5 | 151.00 | NOTE | |||
r-release-windows-x86_64 | 1.1.5 | 107.00 | 148.00 | 255.00 | NOTE | |
r-oldrel-macos-arm64 | 1.1.5 | 97.00 | NOTE | |||
r-oldrel-macos-x86_64 | 1.1.5 | 107.00 | NOTE | |||
r-oldrel-windows-x86_64 | 1.1.5 | 113.00 | 177.00 | 290.00 | NOTE |
Version: 1.1.5
Check: CRAN incoming feasibility
Result: NOTE
Maintainer: ‘Mikkel Meyer Andersen <mikl@math.aau.dk>’
Package CITATION file contains call(s) to old-style personList() or
as.personList(). Please use c() on person objects instead.
Package CITATION file contains call(s) to old-style citEntry(). Please
use bibentry() instead.
Flavors: r-devel-linux-x86_64-debian-clang, r-devel-linux-x86_64-debian-gcc
Version: 1.1.5
Check: C++ specification
Result: NOTE
Specified C++14: please drop specification unless essential
Flavors: r-devel-linux-x86_64-debian-clang, r-devel-linux-x86_64-debian-gcc, r-devel-linux-x86_64-fedora-clang, r-devel-linux-x86_64-fedora-gcc, r-devel-windows-x86_64, r-patched-linux-x86_64, r-release-linux-x86_64, r-release-macos-arm64, r-release-macos-x86_64, r-release-windows-x86_64, r-oldrel-macos-arm64, r-oldrel-macos-x86_64, r-oldrel-windows-x86_64
Version: 1.1.5
Check: installed package size
Result: NOTE
installed size is 10.2Mb
sub-directories of 1Mb or more:
libs 8.3Mb
yacas 1.3Mb
Flavors: r-oldrel-macos-arm64, r-oldrel-macos-x86_64
Version: 1.1.5
Check: package dependencies
Result: NOTE
Package suggested but not available for checking: 'unix'
Flavor: r-oldrel-windows-x86_64