Last updated on 2025-04-30 04:50:18 CEST.
Flavor | Version | Tinstall | Tcheck | Ttotal | Status | Flags |
---|---|---|---|---|---|---|
r-devel-linux-x86_64-debian-clang | 0.4.4 | 66.57 | 93.70 | 160.27 | NOTE | |
r-devel-linux-x86_64-debian-gcc | 0.4.4 | 50.49 | 65.37 | 115.86 | NOTE | |
r-devel-linux-x86_64-fedora-clang | 0.4.4 | 320.76 | NOTE | |||
r-devel-linux-x86_64-fedora-gcc | 0.4.4 | 336.63 | NOTE | |||
r-devel-windows-x86_64 | 0.4.4 | 96.00 | 136.00 | 232.00 | NOTE | |
r-patched-linux-x86_64 | 0.4.4 | 69.99 | 89.33 | 159.32 | NOTE | |
r-release-linux-x86_64 | 0.4.4 | 69.54 | 89.76 | 159.30 | NOTE | |
r-release-macos-arm64 | 0.4.4 | 129.00 | NOTE | |||
r-release-macos-x86_64 | 0.4.4 | 204.00 | NOTE | |||
r-release-windows-x86_64 | 0.4.4 | 95.00 | 145.00 | 240.00 | NOTE | |
r-oldrel-macos-arm64 | 0.4.4 | 86.00 | NOTE | |||
r-oldrel-macos-x86_64 | 0.4.4 | 116.00 | NOTE | |||
r-oldrel-windows-x86_64 | 0.4.4 | 105.00 | 178.00 | 283.00 | NOTE |
Version: 0.4.4
Check: C++ specification
Result: NOTE
Specified C++11: please drop specification unless essential
Flavors: r-devel-linux-x86_64-debian-clang, r-devel-linux-x86_64-debian-gcc, r-devel-linux-x86_64-fedora-clang, r-devel-linux-x86_64-fedora-gcc, r-devel-windows-x86_64, r-patched-linux-x86_64, r-release-linux-x86_64, r-release-macos-arm64, r-release-macos-x86_64, r-release-windows-x86_64, r-oldrel-macos-arm64, r-oldrel-macos-x86_64, r-oldrel-windows-x86_64
Version: 0.4.4
Check: for unstated dependencies in ‘demo’
Result: NOTE
'library' or 'require' call not declared from: ‘Ryacas’
Flavors: r-devel-linux-x86_64-debian-clang, r-devel-linux-x86_64-debian-gcc, r-patched-linux-x86_64, r-release-linux-x86_64
Version: 0.4.4
Check: installed package size
Result: NOTE
installed size is 9.3Mb
sub-directories of 1Mb or more:
libs 7.6Mb
yacas 1.3Mb
Flavors: r-oldrel-macos-arm64, r-oldrel-macos-x86_64