CRAN Package Check Results for Package SAGMM

Last updated on 2025-04-30 04:50:18 CEST.

Flavor Version Tinstall Tcheck Ttotal Status Flags
r-devel-linux-x86_64-debian-clang 0.2.4 20.80 26.95 47.75 NOTE
r-devel-linux-x86_64-debian-gcc 0.2.4 15.53 21.34 36.87 NOTE
r-devel-linux-x86_64-fedora-clang 0.2.4 84.78 NOTE
r-devel-linux-x86_64-fedora-gcc 0.2.4 81.74 NOTE
r-devel-windows-x86_64 0.2.4 26.00 68.00 94.00 NOTE
r-patched-linux-x86_64 0.2.4 19.99 26.34 46.33 NOTE
r-release-linux-x86_64 0.2.4 19.79 26.34 46.13 NOTE
r-release-macos-arm64 0.2.4 30.00 NOTE
r-release-macos-x86_64 0.2.4 49.00 NOTE
r-release-windows-x86_64 0.2.4 25.00 68.00 93.00 NOTE
r-oldrel-macos-arm64 0.2.4 28.00 NOTE
r-oldrel-macos-x86_64 0.2.4 46.00 NOTE
r-oldrel-windows-x86_64 0.2.4 29.00 84.00 113.00 NOTE

Check Details

Version: 0.2.4
Check: CRAN incoming feasibility
Result: NOTE Maintainer: ‘Andrew T. Jones <andrewthomasjones@gmail.com>’ No Authors@R field in DESCRIPTION. Please add one, modifying Authors@R: c(person(given = c("Andrew", "T."), family = "Jones", role = c("aut", "cre"), email = "andrewthomasjones@gmail.com"), person(given = c("Hien", "D."), family = "Nguyen", role = "aut")) as necessary. Flavors: r-devel-linux-x86_64-debian-clang, r-devel-linux-x86_64-debian-gcc

Version: 0.2.4
Check: C++ specification
Result: NOTE Specified C++11: please drop specification unless essential Flavors: r-devel-linux-x86_64-debian-clang, r-devel-linux-x86_64-debian-gcc, r-devel-linux-x86_64-fedora-clang, r-devel-linux-x86_64-fedora-gcc, r-devel-windows-x86_64, r-patched-linux-x86_64, r-release-linux-x86_64, r-release-macos-arm64, r-release-macos-x86_64, r-release-windows-x86_64, r-oldrel-macos-arm64, r-oldrel-macos-x86_64, r-oldrel-windows-x86_64