Last updated on 2025-04-30 04:50:18 CEST.
Flavor | Version | Tinstall | Tcheck | Ttotal | Status | Flags |
---|---|---|---|---|---|---|
r-devel-linux-x86_64-debian-clang | 1.8.0 | 209.06 | 189.05 | 398.11 | OK | |
r-devel-linux-x86_64-debian-gcc | 1.8.1 | 152.31 | 121.14 | 273.45 | OK | |
r-devel-linux-x86_64-fedora-clang | 1.8.1 | 560.13 | OK | |||
r-devel-linux-x86_64-fedora-gcc | 1.8.1 | 748.78 | OK | |||
r-devel-windows-x86_64 | 1.8.1 | 137.00 | 214.00 | 351.00 | OK | |
r-patched-linux-x86_64 | 1.8.0 | 211.64 | 178.71 | 390.35 | OK | |
r-release-linux-x86_64 | 1.8.0 | 212.39 | 174.80 | 387.19 | OK | |
r-release-macos-arm64 | 1.8.1 | 112.00 | OK | |||
r-release-macos-x86_64 | 1.8.1 | 286.00 | OK | |||
r-release-windows-x86_64 | 1.8.1 | 146.00 | 220.00 | 366.00 | OK | |
r-oldrel-macos-arm64 | 1.8.1 | 131.00 | NOTE | |||
r-oldrel-macos-x86_64 | 1.8.1 | 313.00 | NOTE | |||
r-oldrel-windows-x86_64 | 1.8.0 | 265.00 | 265.00 | 530.00 | NOTE |
Version: 1.8.1
Check: installed package size
Result: NOTE
installed size is 55.8Mb
sub-directories of 1Mb or more:
R 2.1Mb
libs 53.2Mb
Flavors: r-oldrel-macos-arm64, r-oldrel-macos-x86_64
Version: 1.8.0
Check: installed package size
Result: NOTE
installed size is 15.3Mb
sub-directories of 1Mb or more:
R 1.4Mb
libs 13.4Mb
Flavor: r-oldrel-windows-x86_64