Last updated on 2025-04-30 04:50:18 CEST.
Flavor | Version | Tinstall | Tcheck | Ttotal | Status | Flags |
---|---|---|---|---|---|---|
r-devel-linux-x86_64-debian-clang | 0.1.1 | 114.81 | 44.40 | 159.21 | OK | |
r-devel-linux-x86_64-debian-gcc | 0.1.1 | 76.48 | 31.62 | 108.10 | OK | |
r-devel-linux-x86_64-fedora-clang | 0.1.1 | 300.75 | OK | |||
r-devel-linux-x86_64-fedora-gcc | 0.1.1 | 273.72 | OK | |||
r-devel-windows-x86_64 | 0.1.1 | 127.00 | 85.00 | 212.00 | OK | |
r-patched-linux-x86_64 | 0.1.1 | 113.88 | 40.84 | 154.72 | OK | |
r-release-linux-x86_64 | 0.1.1 | 103.05 | 41.36 | 144.41 | OK | |
r-release-macos-arm64 | 0.1.1 | 60.00 | OK | |||
r-release-macos-x86_64 | 0.1.1 | 93.00 | OK | |||
r-release-windows-x86_64 | 0.1.1 | 131.00 | 89.00 | 220.00 | OK | |
r-oldrel-macos-arm64 | 0.1.1 | 63.00 | NOTE | |||
r-oldrel-macos-x86_64 | 0.1.1 | 76.00 | NOTE | |||
r-oldrel-windows-x86_64 | 0.1.1 | 144.00 | 103.00 | 247.00 | OK |
Version: 0.1.1
Check: installed package size
Result: NOTE
installed size is 5.3Mb
sub-directories of 1Mb or more:
libs 5.0Mb
Flavors: r-oldrel-macos-arm64, r-oldrel-macos-x86_64