CRAN Package Check Results for Package SAR

Last updated on 2025-04-30 04:50:18 CEST.

Flavor Version Tinstall Tcheck Ttotal Status Flags
r-devel-linux-x86_64-debian-clang 1.0.4 53.64 79.67 133.31 OK
r-devel-linux-x86_64-debian-gcc 1.0.4 36.18 58.66 94.84 OK
r-devel-linux-x86_64-fedora-clang 1.0.4 230.54 NOTE
r-devel-linux-x86_64-fedora-gcc 1.0.4 217.96 NOTE
r-devel-windows-x86_64 1.0.4 64.00 112.00 176.00 OK
r-patched-linux-x86_64 1.0.4 50.73 76.11 126.84 OK
r-release-linux-x86_64 1.0.4 53.54 75.88 129.42 OK
r-release-macos-arm64 1.0.4 53.00 OK
r-release-macos-x86_64 1.0.4 102.00 OK
r-release-windows-x86_64 1.0.4 64.00 108.00 172.00 OK
r-oldrel-macos-arm64 1.0.4 61.00 NOTE
r-oldrel-macos-x86_64 1.0.4 105.00 NOTE
r-oldrel-windows-x86_64 1.0.4 71.00 142.00 213.00 NOTE

Check Details

Version: 1.0.4
Check: dependencies in R code
Result: NOTE Namespaces in Imports field not imported from: ‘httr’ ‘jsonlite’ All declared Imports should be used. Flavors: r-devel-linux-x86_64-fedora-clang, r-devel-linux-x86_64-fedora-gcc

Version: 1.0.4
Check: for GNU extensions in Makefiles
Result: NOTE GNU make is a SystemRequirements. Flavors: r-oldrel-macos-arm64, r-oldrel-macos-x86_64, r-oldrel-windows-x86_64