Last updated on 2025-04-30 04:50:18 CEST.
Flavor | Version | Tinstall | Tcheck | Ttotal | Status | Flags |
---|---|---|---|---|---|---|
r-devel-linux-x86_64-debian-clang | 0.1.8 | 4.53 | 66.59 | 71.12 | NOTE | |
r-devel-linux-x86_64-debian-gcc | 0.1.8 | 3.43 | 43.85 | 47.28 | NOTE | |
r-devel-linux-x86_64-fedora-clang | 0.1.8 | 111.93 | OK | |||
r-devel-linux-x86_64-fedora-gcc | 0.1.8 | 106.31 | OK | |||
r-devel-windows-x86_64 | 0.1.8 | 7.00 | 81.00 | 88.00 | OK | |
r-patched-linux-x86_64 | 0.1.8 | 5.99 | 62.33 | 68.32 | OK | |
r-release-linux-x86_64 | 0.1.8 | 4.11 | 62.87 | 66.98 | OK | |
r-release-macos-arm64 | 0.1.8 | 33.00 | OK | |||
r-release-macos-x86_64 | 0.1.8 | 61.00 | OK | |||
r-release-windows-x86_64 | 0.1.8 | 7.00 | 92.00 | 99.00 | OK | |
r-oldrel-macos-arm64 | 0.1.8 | 31.00 | OK | |||
r-oldrel-macos-x86_64 | 0.1.8 | 46.00 | OK | |||
r-oldrel-windows-x86_64 | 0.1.8 | 8.00 | 98.00 | 106.00 | OK |
Version: 0.1.8
Check: examples
Result: NOTE
Examples with CPU (user + system) or elapsed time > 5s
user system elapsed
puissance 9.749 0.143 11.522
choix_seuil 4.485 0.071 5.189
Flavor: r-devel-linux-x86_64-debian-clang
Version: 0.1.8
Check: examples
Result: NOTE
Examples with CPU (user + system) or elapsed time > 5s
user system elapsed
puissance 5.254 0.087 6.718
Flavor: r-devel-linux-x86_64-debian-gcc