CRAN Package Check Results for Package SBmedian

Last updated on 2025-04-30 04:50:18 CEST.

Flavor Version Tinstall Tcheck Ttotal Status Flags
r-devel-linux-x86_64-debian-clang 0.1.1 25.00 62.99 87.99 NOTE
r-devel-linux-x86_64-debian-gcc 0.1.1 17.88 50.13 68.01 NOTE
r-devel-linux-x86_64-fedora-clang 0.1.1 144.60 NOTE
r-devel-linux-x86_64-fedora-gcc 0.1.1 138.16 NOTE
r-devel-windows-x86_64 0.1.1 29.00 95.00 124.00 NOTE
r-patched-linux-x86_64 0.1.1 24.23 61.92 86.15 NOTE
r-release-linux-x86_64 0.1.1 24.16 61.18 85.34 NOTE
r-release-macos-arm64 0.1.1 43.00 NOTE
r-release-macos-x86_64 0.1.1 78.00 NOTE
r-release-windows-x86_64 0.1.1 29.00 96.00 125.00 NOTE
r-oldrel-macos-arm64 0.1.1 41.00 NOTE
r-oldrel-macos-x86_64 0.1.1 69.00 NOTE
r-oldrel-windows-x86_64 0.1.1 33.00 114.00 147.00 NOTE

Check Details

Version: 0.1.1
Check: C++ specification
Result: NOTE Specified C++11: please drop specification unless essential Flavors: r-devel-linux-x86_64-debian-clang, r-devel-linux-x86_64-debian-gcc, r-devel-linux-x86_64-fedora-clang, r-devel-linux-x86_64-fedora-gcc, r-devel-windows-x86_64, r-patched-linux-x86_64, r-release-linux-x86_64, r-release-macos-arm64, r-release-macos-x86_64, r-release-windows-x86_64, r-oldrel-macos-arm64, r-oldrel-macos-x86_64, r-oldrel-windows-x86_64