CRAN Package Check Results for Package SC.MEB

Last updated on 2025-04-30 04:50:18 CEST.

Flavor Version Tinstall Tcheck Ttotal Status Flags
r-devel-linux-x86_64-debian-clang 1.1 40.28 119.00 159.28 NOTE
r-devel-linux-x86_64-debian-gcc 1.1 30.16 85.98 116.14 NOTE
r-devel-linux-x86_64-fedora-clang 1.1 256.86 NOTE
r-devel-linux-x86_64-fedora-gcc 1.1 258.27 NOTE
r-devel-windows-x86_64 1.1 44.00 146.00 190.00 NOTE
r-patched-linux-x86_64 1.1 41.79 112.43 154.22 NOTE
r-release-linux-x86_64 1.1 40.77 112.90 153.67 NOTE
r-release-macos-arm64 1.1 77.00 NOTE
r-release-macos-x86_64 1.1 154.00 NOTE
r-release-windows-x86_64 1.1 46.00 143.00 189.00 NOTE
r-oldrel-macos-arm64 1.1 81.00 NOTE
r-oldrel-macos-x86_64 1.1 117.00 NOTE
r-oldrel-windows-x86_64 1.1 50.00 197.00 247.00 NOTE

Check Details

Version: 1.1
Check: C++ specification
Result: NOTE Specified C++11: please drop specification unless essential Flavors: r-devel-linux-x86_64-debian-clang, r-devel-linux-x86_64-debian-gcc, r-devel-linux-x86_64-fedora-clang, r-devel-linux-x86_64-fedora-gcc, r-devel-windows-x86_64, r-patched-linux-x86_64, r-release-linux-x86_64, r-release-macos-arm64, r-release-macos-x86_64, r-release-windows-x86_64, r-oldrel-macos-arm64, r-oldrel-macos-x86_64, r-oldrel-windows-x86_64

Version: 1.1
Check: Rd cross-references
Result: NOTE Found the following Rd file(s) with Rd \link{} targets missing package anchors: spatialPreprocess.Rd: BiocSingularParam-class Please provide package anchors for all Rd \link{} targets not in the package itself and the base packages. Flavors: r-devel-linux-x86_64-debian-clang, r-devel-linux-x86_64-debian-gcc, r-devel-windows-x86_64, r-patched-linux-x86_64, r-release-linux-x86_64, r-release-windows-x86_64

Version: 1.1
Check: examples
Result: NOTE Examples with CPU (user + system) or elapsed time > 5s user system elapsed find_neighbors2 7.747 0.507 10.437 selectK 0.622 0.027 5.354 Flavor: r-devel-linux-x86_64-debian-clang

Version: 1.1
Check: examples
Result: NOTE Examples with CPU (user + system) or elapsed time > 5s user system elapsed find_neighbors2 5.526 0.472 8.277 Flavor: r-devel-linux-x86_64-debian-gcc