Last updated on 2025-04-30 04:50:18 CEST.
Flavor | Version | Tinstall | Tcheck | Ttotal | Status | Flags |
---|---|---|---|---|---|---|
r-devel-linux-x86_64-debian-clang | 1.7 | 19.36 | 103.87 | 123.23 | NOTE | |
r-devel-linux-x86_64-debian-gcc | 1.7 | 13.24 | 71.18 | 84.42 | NOTE | |
r-devel-linux-x86_64-fedora-clang | 1.7 | 200.41 | OK | |||
r-devel-linux-x86_64-fedora-gcc | 1.7 | 188.51 | OK | |||
r-devel-windows-x86_64 | 1.7 | 18.00 | 119.00 | 137.00 | OK | |
r-patched-linux-x86_64 | 1.7 | 17.05 | 100.68 | 117.73 | OK | |
r-release-linux-x86_64 | 1.7 | 17.73 | 99.60 | 117.33 | OK | |
r-release-macos-arm64 | 1.7 | 53.00 | OK | |||
r-release-macos-x86_64 | 1.7 | 98.00 | OK | |||
r-release-windows-x86_64 | 1.7 | 19.00 | 111.00 | 130.00 | OK | |
r-oldrel-macos-arm64 | 1.7 | 46.00 | OK | |||
r-oldrel-macos-x86_64 | 1.7 | 76.00 | OK | |||
r-oldrel-windows-x86_64 | 1.7 | 26.00 | 142.00 | 168.00 | OK |
Version: 1.7
Check: CRAN incoming feasibility
Result: NOTE
Maintainer: ‘"Yonas Ghebremichael Weldeselassie" <yonas.weldeselassie@open.ac.uk>’
No Authors@R field in DESCRIPTION.
Please add one, modifying
Authors@R: c(person(given = c("Yonas", "Ghebremichael"),
family = "Weldeselassie",
role = "aut"),
person(given = "Heather",
family = "Whitaker",
role = "aut"),
person(given = "Paddy",
family = "Farrington",
role = "aut"),
person(given = c("\"Yonas", "Ghebremichael"),
family = "Weldeselassie\"",
role = "cre",
email = "yonas.weldeselassie@open.ac.uk"))
as necessary.
Flavors: r-devel-linux-x86_64-debian-clang, r-devel-linux-x86_64-debian-gcc