CRAN Package Check Results for Package SCEPtER

Last updated on 2025-04-30 04:50:18 CEST.

Flavor Version Tinstall Tcheck Ttotal Status Flags
r-devel-linux-x86_64-debian-clang 0.2-4 9.93 22.57 32.50 OK
r-devel-linux-x86_64-debian-gcc 0.2-4 8.51 18.31 26.82 OK
r-devel-linux-x86_64-fedora-clang 0.2-4 50.87 NOTE
r-devel-linux-x86_64-fedora-gcc 0.2-4 49.42 NOTE
r-devel-windows-x86_64 0.2-4 12.00 51.00 63.00 OK
r-patched-linux-x86_64 0.2-4 10.33 21.88 32.21 OK
r-release-linux-x86_64 0.2-4 9.72 21.84 31.56 OK
r-release-macos-arm64 0.2-4 26.00 OK
r-release-macos-x86_64 0.2-4 40.00 OK
r-release-windows-x86_64 0.2-4 13.00 47.00 60.00 OK
r-oldrel-macos-arm64 0.2-4 22.00 OK
r-oldrel-macos-x86_64 0.2-4 47.00 OK
r-oldrel-windows-x86_64 0.2-4 14.00 46.00 60.00 OK

Check Details

Version: 0.2-4
Check: compiled code
Result: NOTE File ‘SCEPtER/libs/SCEPtER.so’: Found no calls to: ‘R_registerRoutines’, ‘R_useDynamicSymbols’ It is good practice to register native routines and to disable symbol search. See ‘Writing portable packages’ in the ‘Writing R Extensions’ manual. Flavors: r-devel-linux-x86_64-fedora-clang, r-devel-linux-x86_64-fedora-gcc