Last updated on 2025-04-30 04:50:18 CEST.
Flavor | Version | Tinstall | Tcheck | Ttotal | Status | Flags |
---|---|---|---|---|---|---|
r-devel-linux-x86_64-debian-clang | 1.0.2 | 8.07 | 63.26 | 71.33 | NOTE | |
r-devel-linux-x86_64-debian-gcc | 1.0.2 | 5.82 | 47.75 | 53.57 | NOTE | |
r-devel-linux-x86_64-fedora-clang | 1.0.2 | 109.82 | NOTE | |||
r-devel-linux-x86_64-fedora-gcc | 1.0.2 | 109.53 | NOTE | |||
r-devel-windows-x86_64 | 1.0.2 | 8.00 | 74.00 | 82.00 | OK | |
r-patched-linux-x86_64 | 1.0.2 | 7.74 | 62.67 | 70.41 | OK | |
r-release-linux-x86_64 | 1.0.2 | 7.21 | 62.45 | 69.66 | OK | |
r-release-macos-arm64 | 1.0.2 | 35.00 | OK | |||
r-release-macos-x86_64 | 1.0.2 | 65.00 | OK | |||
r-release-windows-x86_64 | 1.0.2 | 10.00 | 76.00 | 86.00 | OK | |
r-oldrel-macos-arm64 | 1.0.2 | 36.00 | OK | |||
r-oldrel-macos-x86_64 | 1.0.2 | 82.00 | OK | |||
r-oldrel-windows-x86_64 | 1.0.2 | 11.00 | 89.00 | 100.00 | OK |
Version: 1.0.2
Check: examples
Result: NOTE
Examples with CPU (user + system) or elapsed time > 5s
user system elapsed
scorpion 4.139 0.211 5.785
Flavor: r-devel-linux-x86_64-debian-clang
Version: 1.0.2
Check: examples
Result: NOTE
Examples with CPU (user + system) or elapsed time > 5s
user system elapsed
scorpion 3.671 0.176 5.176
Flavor: r-devel-linux-x86_64-debian-gcc
Version: 1.0.2
Check: dependencies in R code
Result: NOTE
Namespace in Imports field not imported from: ‘RhpcBLASctl’
All declared Imports should be used.
Flavors: r-devel-linux-x86_64-fedora-clang, r-devel-linux-x86_64-fedora-gcc