Last updated on 2025-02-21 03:52:25 CET.
Flavor | Version | Tinstall | Tcheck | Ttotal | Status | Flags |
---|---|---|---|---|---|---|
r-devel-linux-x86_64-debian-clang | 1.0.0 | 53.54 | 486.12 | 539.66 | OK | |
r-devel-linux-x86_64-debian-gcc | 1.0.0 | 35.97 | 351.28 | 387.25 | OK | |
r-devel-linux-x86_64-fedora-clang | 1.0.0 | 935.89 | NOTE | |||
r-devel-linux-x86_64-fedora-gcc | 1.0.0 | 891.89 | NOTE | |||
r-devel-macos-arm64 | 1.0.0 | 230.00 | OK | |||
r-devel-macos-x86_64 | 1.0.0 | 438.00 | OK | |||
r-devel-windows-x86_64 | 1.0.0 | 48.00 | 397.00 | 445.00 | OK | |
r-patched-linux-x86_64 | 1.0.0 | 49.06 | 444.73 | 493.79 | OK | |
r-release-linux-x86_64 | 1.0.0 | 45.65 | 439.50 | 485.15 | OK | |
r-release-macos-arm64 | 1.0.0 | 230.00 | OK | |||
r-release-macos-x86_64 | 1.0.0 | 327.00 | OK | |||
r-release-windows-x86_64 | 1.0.0 | 49.00 | 393.00 | 442.00 | OK | |
r-oldrel-macos-arm64 | 1.0.0 | 205.00 | OK | |||
r-oldrel-macos-x86_64 | 1.0.0 | 368.00 | OK | |||
r-oldrel-windows-x86_64 | 1.0.0 | 68.00 | 538.00 | 606.00 | OK |
Version: 1.0.0
Check: dependencies in R code
Result: NOTE
Namespaces in Imports field not imported from:
‘BiocManager’ ‘crayon’ ‘knitr’ ‘methods’
All declared Imports should be used.
Flavors: r-devel-linux-x86_64-fedora-clang, r-devel-linux-x86_64-fedora-gcc