CRAN Package Check Results for Package SCVA

Last updated on 2025-04-30 04:50:19 CEST.

Flavor Version Tinstall Tcheck Ttotal Status Flags
r-devel-linux-x86_64-debian-clang 1.3.1 20.61 84.48 105.09 NOTE
r-devel-linux-x86_64-debian-gcc 1.3.1 10.11 53.60 63.71 NOTE
r-devel-linux-x86_64-fedora-clang 1.3.1 156.87 OK
r-devel-linux-x86_64-fedora-gcc 1.3.1 144.02 OK
r-devel-windows-x86_64 1.3.1 19.00 84.00 103.00 OK
r-patched-linux-x86_64 1.3.1 20.84 77.61 98.45 OK
r-release-linux-x86_64 1.3.1 19.47 75.85 95.32 OK
r-release-macos-arm64 1.3.1 42.00 OK
r-release-macos-x86_64 1.3.1 81.00 OK
r-release-windows-x86_64 1.3.1 20.00 90.00 110.00 OK
r-oldrel-macos-arm64 1.3.1 41.00 OK
r-oldrel-macos-x86_64 1.3.1 62.00 OK
r-oldrel-windows-x86_64 1.3.1 27.00 104.00 131.00 OK

Check Details

Version: 1.3.1
Check: CRAN incoming feasibility
Result: NOTE Maintainer: ‘Tamal Kumar De <tamalkumar.de@kuleuven.be>’ No Authors@R field in DESCRIPTION. Please add one, modifying Authors@R: c(person(given = "Isis", family = "Bulte", role = "aut"), person(given = c("Tamal", "Kumar"), family = "De", role = c("aut", "cre"), email = "tamalkumar.de@kuleuven.be"), person(given = "Patrick", family = "Onghena", role = "aut")) as necessary. Flavors: r-devel-linux-x86_64-debian-clang, r-devel-linux-x86_64-debian-gcc