Last updated on 2025-04-30 04:50:19 CEST.
Flavor | Version | Tinstall | Tcheck | Ttotal | Status | Flags |
---|---|---|---|---|---|---|
r-devel-linux-x86_64-debian-clang | 2.0.1 | 261.08 | 681.07 | 942.15 | OK | |
r-devel-linux-x86_64-debian-gcc | 2.0.1 | 152.16 | 386.47 | 538.63 | OK | |
r-devel-linux-x86_64-fedora-clang | 2.0.1 | 1564.73 | OK | |||
r-devel-linux-x86_64-fedora-gcc | 2.0.1 | 1459.95 | OK | |||
r-devel-windows-x86_64 | 2.0.1 | 215.00 | 442.00 | 657.00 | OK | |
r-patched-linux-x86_64 | 2.0.1 | 246.70 | 645.08 | 891.78 | OK | |
r-release-linux-x86_64 | 2.0.1 | 240.96 | 642.01 | 882.97 | OK | |
r-release-macos-arm64 | 2.0.1 | 293.00 | OK | |||
r-release-macos-x86_64 | 2.0.1 | 640.00 | OK | |||
r-release-windows-x86_64 | 2.0.1 | 215.00 | 448.00 | 663.00 | OK | |
r-oldrel-macos-arm64 | 2.0.1 | 254.00 | NOTE | |||
r-oldrel-macos-x86_64 | 2.0.1 | 478.00 | NOTE | |||
r-oldrel-windows-x86_64 | 2.0.1 | 292.00 | 624.00 | 916.00 | NOTE |
Version: 2.0.1
Check: installed package size
Result: NOTE
installed size is 9.2Mb
sub-directories of 1Mb or more:
R 8.6Mb
Flavors: r-oldrel-macos-arm64, r-oldrel-macos-x86_64, r-oldrel-windows-x86_64