CRAN Package Check Results for Package SEI

Last updated on 2025-04-30 04:50:19 CEST.

Flavor Version Tinstall Tcheck Ttotal Status Flags
r-devel-linux-x86_64-debian-clang 0.2.0 12.33 140.13 152.46 NOTE
r-devel-linux-x86_64-debian-gcc 0.2.0 7.53 95.70 103.23 OK
r-devel-linux-x86_64-fedora-clang 0.2.0 223.23 OK
r-devel-linux-x86_64-fedora-gcc 0.2.0 219.27 OK
r-devel-windows-x86_64 0.2.0 13.00 157.00 170.00 OK
r-patched-linux-x86_64 0.2.0 12.28 127.84 140.12 OK
r-release-linux-x86_64 0.2.0 10.07 128.43 138.50 OK
r-release-macos-arm64 0.2.0 76.00 WARN
r-release-macos-x86_64 0.2.0 150.00 OK
r-release-windows-x86_64 0.2.0 14.00 149.00 163.00 OK
r-oldrel-macos-arm64 0.2.0 81.00 WARN
r-oldrel-macos-x86_64 0.2.0 155.00 OK
r-oldrel-windows-x86_64 0.2.0 17.00 181.00 198.00 OK

Check Details

Version: 0.2.0
Check: examples
Result: NOTE Examples with CPU (user + system) or elapsed time > 5s user system elapsed std_index 4.118 0.31 5.521 Flavor: r-devel-linux-x86_64-debian-clang

Version: 0.2.0
Check: re-building of vignette outputs
Result: WARN Error(s) in re-building vignettes: --- re-building ‘SEI_vignette.Rnw’ using knitr Error: processing vignette 'SEI_vignette.Rnw' failed with diagnostics: Running 'texi2dvi' on 'SEI_vignette.tex' failed. LaTeX errors: !pdfTeX error: pdflatex (file bbm10): Font bbm10 at 657 not found ==> Fatal error occurred, no output PDF file produced! --- failed re-building ‘SEI_vignette.Rnw’ SUMMARY: processing the following file failed: ‘SEI_vignette.Rnw’ Error: Vignette re-building failed. Execution halted Flavors: r-release-macos-arm64, r-oldrel-macos-arm64