CRAN Package Check Results for Package SEL

Last updated on 2025-04-30 04:50:19 CEST.

Flavor Version Tinstall Tcheck Ttotal Status Flags
r-devel-linux-x86_64-debian-clang 1.0-4 3.07 25.79 28.86 NOTE
r-devel-linux-x86_64-debian-gcc 1.0-4 2.29 19.49 21.78 NOTE
r-devel-linux-x86_64-fedora-clang 1.0-4 44.76 OK
r-devel-linux-x86_64-fedora-gcc 1.0-4 42.35 OK
r-devel-windows-x86_64 1.0-4 7.00 57.00 64.00 OK
r-patched-linux-x86_64 1.0-4 2.91 24.46 27.37 OK
r-release-linux-x86_64 1.0-4 2.74 24.71 27.45 OK
r-release-macos-arm64 1.0-4 20.00 OK
r-release-macos-x86_64 1.0-4 30.00 OK
r-release-windows-x86_64 1.0-4 6.00 50.00 56.00 OK
r-oldrel-macos-arm64 1.0-4 18.00 OK
r-oldrel-macos-x86_64 1.0-4 26.00 OK
r-oldrel-windows-x86_64 1.0-4 6.00 52.00 58.00 OK

Check Details

Version: 1.0-4
Check: CRAN incoming feasibility
Result: NOTE Maintainer: ‘Bjoern Bornkamp <bbnkmp@mail.de>’ No Authors@R field in DESCRIPTION. Please add one, modifying Authors@R: person(given = "Bjoern", family = "Bornkamp", role = c("aut", "cre"), email = "bbnkmp@mail.de") as necessary. Flavors: r-devel-linux-x86_64-debian-clang, r-devel-linux-x86_64-debian-gcc