CRAN Package Check Results for Package SELF

Last updated on 2025-04-30 04:50:19 CEST.

Flavor Version Tinstall Tcheck Ttotal Status Flags
r-devel-linux-x86_64-debian-clang 0.1.1 13.93 61.48 75.41 NOTE
r-devel-linux-x86_64-debian-gcc 0.1.1 11.55 44.70 56.25 NOTE
r-devel-linux-x86_64-fedora-clang 0.1.1 132.36 OK
r-devel-linux-x86_64-fedora-gcc 0.1.1 126.98 OK
r-devel-windows-x86_64 0.1.1 20.00 93.00 113.00 OK
r-patched-linux-x86_64 0.1.1 15.07 59.30 74.37 OK
r-release-linux-x86_64 0.1.1 16.19 58.30 74.49 OK
r-release-macos-arm64 0.1.1 47.00 OK
r-release-macos-x86_64 0.1.1 80.00 OK
r-release-windows-x86_64 0.1.1 20.00 90.00 110.00 OK
r-oldrel-macos-arm64 0.1.1 37.00 NOTE
r-oldrel-macos-x86_64 0.1.1 56.00 NOTE
r-oldrel-windows-x86_64 0.1.1 23.00 106.00 129.00 NOTE

Check Details

Version: 0.1.1
Check: CRAN incoming feasibility
Result: NOTE Maintainer: ‘Jie Qiao <qiaojie2004@vip.qq.com>’ Package CITATION file contains call(s) to old-style personList() or as.personList(). Please use c() on person objects instead. Package CITATION file contains call(s) to old-style citEntry(). Please use bibentry() instead. Flavors: r-devel-linux-x86_64-debian-clang, r-devel-linux-x86_64-debian-gcc

Version: 0.1.1
Check: LazyData
Result: NOTE 'LazyData' is specified without a 'data' directory Flavors: r-oldrel-macos-arm64, r-oldrel-macos-x86_64, r-oldrel-windows-x86_64