Last updated on 2025-04-30 04:50:19 CEST.
Flavor | Version | Tinstall | Tcheck | Ttotal | Status | Flags |
---|---|---|---|---|---|---|
r-devel-linux-x86_64-debian-clang | 1.0.0 | 17.67 | 134.29 | 151.96 | NOTE | |
r-devel-linux-x86_64-debian-gcc | 1.0.0 | 12.68 | 101.71 | 114.39 | NOTE | |
r-devel-linux-x86_64-fedora-clang | 1.0.0 | 253.97 | OK | |||
r-devel-linux-x86_64-fedora-gcc | 1.0.0 | 254.33 | OK | |||
r-devel-windows-x86_64 | 1.0.0 | 19.00 | 145.00 | 164.00 | OK | |
r-patched-linux-x86_64 | 1.0.0 | 17.20 | 131.11 | 148.31 | OK | |
r-release-linux-x86_64 | 1.0.0 | 18.23 | 129.78 | 148.01 | OK | |
r-release-macos-arm64 | 1.0.0 | 79.00 | OK | |||
r-release-macos-x86_64 | 1.0.0 | 73.00 | OK | |||
r-release-windows-x86_64 | 1.0.0 | 20.00 | 144.00 | 164.00 | OK | |
r-oldrel-macos-arm64 | 1.0.0 | 60.00 | OK | |||
r-oldrel-macos-x86_64 | 1.0.0 | 101.00 | OK | |||
r-oldrel-windows-x86_64 | 1.0.0 | 22.00 | 181.00 | 203.00 | OK |
Version: 1.0.0
Check: examples
Result: NOTE
Examples with CPU (user + system) or elapsed time > 5s
user system elapsed
mapGraph 4.07 0.117 5.384
Flavor: r-devel-linux-x86_64-debian-clang
Version: 1.0.0
Check: examples
Result: NOTE
Examples with CPU (user + system) or elapsed time > 5s
user system elapsed
mapGraph 3.314 0.144 5.019
Flavor: r-devel-linux-x86_64-debian-gcc