Last updated on 2025-04-30 04:50:19 CEST.
Flavor | Version | Tinstall | Tcheck | Ttotal | Status | Flags |
---|---|---|---|---|---|---|
r-devel-linux-x86_64-debian-clang | 0.7.1 | 2.22 | 166.69 | 168.91 | NOTE | |
r-devel-linux-x86_64-debian-gcc | 0.7.1 | 1.77 | 111.53 | 113.30 | NOTE | |
r-devel-linux-x86_64-fedora-clang | 0.7.1 | 268.33 | OK | |||
r-devel-linux-x86_64-fedora-gcc | 0.7.1 | 260.29 | OK | |||
r-devel-windows-x86_64 | 0.7.1 | 4.00 | 150.00 | 154.00 | OK | |
r-patched-linux-x86_64 | 0.7.1 | 2.28 | 156.30 | 158.58 | OK | |
r-release-linux-x86_64 | 0.7.1 | 1.98 | 154.45 | 156.43 | OK | |
r-release-macos-arm64 | 0.7.1 | 75.00 | OK | |||
r-release-macos-x86_64 | 0.7.1 | 154.00 | OK | |||
r-release-windows-x86_64 | 0.7.1 | 4.00 | 156.00 | 160.00 | OK | |
r-oldrel-macos-arm64 | 0.7.1 | 73.00 | OK | |||
r-oldrel-macos-x86_64 | 0.7.1 | 180.00 | OK | |||
r-oldrel-windows-x86_64 | 0.7.1 | 4.00 | 195.00 | 199.00 | OK |
Version: 0.7.1
Check: examples
Result: NOTE
Examples with CPU (user + system) or elapsed time > 5s
user system elapsed
SESraster 13.520 0.279 17.008
plot_alg_metrics 6.188 0.029 7.843
bootspat_str 5.426 0.032 5.715
bootspat_ff 5.204 0.086 6.613
Flavor: r-devel-linux-x86_64-debian-clang
Version: 0.7.1
Check: examples
Result: NOTE
Examples with CPU (user + system) or elapsed time > 5s
user system elapsed
SESraster 7.885 0.170 10.345
plot_alg_metrics 4.730 0.083 5.977
bootspat_str 4.049 0.035 6.127
Flavor: r-devel-linux-x86_64-debian-gcc