Last updated on 2025-04-30 04:50:19 CEST.
Flavor | Version | Tinstall | Tcheck | Ttotal | Status | Flags |
---|---|---|---|---|---|---|
r-devel-linux-x86_64-debian-clang | 0.2.1 | 3.72 | 44.68 | 48.40 | NOTE | |
r-devel-linux-x86_64-debian-gcc | 0.2.1 | 2.92 | 33.49 | 36.41 | OK | |
r-devel-linux-x86_64-fedora-clang | 0.2.1 | 76.59 | OK | |||
r-devel-linux-x86_64-fedora-gcc | 0.2.1 | 70.82 | OK | |||
r-devel-windows-x86_64 | 0.2.1 | 5.00 | 64.00 | 69.00 | OK | |
r-patched-linux-x86_64 | 0.2.1 | 3.23 | 43.85 | 47.08 | OK | |
r-release-linux-x86_64 | 0.2.1 | 2.83 | 43.05 | 45.88 | OK | |
r-release-macos-arm64 | 0.2.1 | 25.00 | OK | |||
r-release-macos-x86_64 | 0.2.1 | 38.00 | OK | |||
r-release-windows-x86_64 | 0.2.1 | 5.00 | 64.00 | 69.00 | OK | |
r-oldrel-macos-arm64 | 0.2.1 | 30.00 | OK | |||
r-oldrel-macos-x86_64 | 0.2.1 | 54.00 | OK | |||
r-oldrel-windows-x86_64 | 0.2.1 | 7.00 | 73.00 | 80.00 | OK |
Version: 0.2.1
Check: examples
Result: NOTE
Examples with CPU (user + system) or elapsed time > 5s
user system elapsed
SOPC.SFM 4.702 0 5.381
Flavor: r-devel-linux-x86_64-debian-clang