Last updated on 2025-04-30 04:50:19 CEST.
Flavor | Version | Tinstall | Tcheck | Ttotal | Status | Flags |
---|---|---|---|---|---|---|
r-devel-linux-x86_64-debian-clang | 0.1.0 | 6.27 | 58.27 | 64.54 | NOTE | |
r-devel-linux-x86_64-debian-gcc | 0.1.0 | 4.86 | 43.01 | 47.87 | NOTE | |
r-devel-linux-x86_64-fedora-clang | 0.1.0 | 102.85 | OK | |||
r-devel-linux-x86_64-fedora-gcc | 0.1.0 | 95.43 | OK | |||
r-devel-windows-x86_64 | 0.1.0 | 8.00 | 76.00 | 84.00 | OK | |
r-patched-linux-x86_64 | 0.1.0 | 6.69 | 55.62 | 62.31 | OK | |
r-release-linux-x86_64 | 0.1.0 | 6.76 | 55.38 | 62.14 | OK | |
r-release-macos-arm64 | 0.1.0 | 34.00 | OK | |||
r-release-macos-x86_64 | 0.1.0 | 57.00 | OK | |||
r-release-windows-x86_64 | 0.1.0 | 8.00 | 73.00 | 81.00 | OK | |
r-oldrel-macos-arm64 | 0.1.0 | 32.00 | NOTE | |||
r-oldrel-macos-x86_64 | 0.1.0 | 50.00 | NOTE | |||
r-oldrel-windows-x86_64 | 0.1.0 | 9.00 | 85.00 | 94.00 | NOTE |
Version: 0.1.0
Check: CRAN incoming feasibility
Result: NOTE
Maintainer: ‘Mohamed Laib <laib.med@gmail.com>’
No Authors@R field in DESCRIPTION.
Please add one, modifying
Authors@R: c(person(given = "Mohamed",
family = "Laib",
role = c("aut", "cre"),
email = "laib.med@gmail.com"),
person(given = "Mikhail",
family = "Kanevski",
role = "aut"))
as necessary.
Flavors: r-devel-linux-x86_64-debian-clang, r-devel-linux-x86_64-debian-gcc
Version: 0.1.0
Check: examples
Result: NOTE
Examples with CPU (user + system) or elapsed time > 5s
user system elapsed
UfsCov_par 0.051 0.01 7.281
Flavor: r-devel-linux-x86_64-debian-clang
Version: 0.1.0
Check: examples
Result: NOTE
Examples with CPU (user + system) or elapsed time > 5s
user system elapsed
UfsCov_par 0.042 0.008 5.247
Flavor: r-devel-linux-x86_64-debian-gcc
Version: 0.1.0
Check: LazyData
Result: NOTE
'LazyData' is specified without a 'data' directory
Flavors: r-oldrel-macos-arm64, r-oldrel-macos-x86_64, r-oldrel-windows-x86_64