Last updated on 2025-04-30 04:50:19 CEST.
Flavor | Version | Tinstall | Tcheck | Ttotal | Status | Flags |
---|---|---|---|---|---|---|
r-devel-linux-x86_64-debian-clang | 1.0.1.1 | 3.36 | 71.45 | 74.81 | NOTE | |
r-devel-linux-x86_64-debian-gcc | 1.0.1.1 | 2.43 | 49.27 | 51.70 | NOTE | |
r-devel-linux-x86_64-fedora-clang | 1.0.1.1 | 121.90 | OK | |||
r-devel-linux-x86_64-fedora-gcc | 1.0.1.1 | 124.72 | OK | |||
r-devel-windows-x86_64 | 1.0.1.1 | 4.00 | 120.00 | 124.00 | OK | |
r-patched-linux-x86_64 | 1.0.1.1 | 3.87 | 67.08 | 70.95 | OK | |
r-release-linux-x86_64 | 1.0.1.1 | 3.07 | 67.91 | 70.98 | OK | |
r-release-macos-arm64 | 1.0.1.1 | 42.00 | OK | |||
r-release-macos-x86_64 | 1.0.1.1 | 80.00 | OK | |||
r-release-windows-x86_64 | 1.0.1.1 | 6.00 | 116.00 | 122.00 | OK | |
r-oldrel-macos-arm64 | 1.0.1.1 | 39.00 | OK | |||
r-oldrel-macos-x86_64 | 1.0.1.1 | 124.00 | OK | |||
r-oldrel-windows-x86_64 | 1.0.1.1 | 6.00 | 124.00 | 130.00 | OK |
Version: 1.0.1.1
Check: CRAN incoming feasibility
Result: NOTE
Maintainer: ‘Monique Graf <monique.p.n.graf@bluewin.ch>’
No Authors@R field in DESCRIPTION.
Please add one, modifying
Authors@R: person(given = "Monique",
family = "Graf",
role = c("aut", "cre"),
email = "monique.p.n.graf@bluewin.ch")
as necessary.
Flavors: r-devel-linux-x86_64-debian-clang, r-devel-linux-x86_64-debian-gcc
Version: 1.0.1.1
Check: examples
Result: NOTE
Examples with CPU (user + system) or elapsed time > 5s
user system elapsed
stepSGB 6.524 0.118 8.752
regSGB 4.064 0.025 6.564
Flavor: r-devel-linux-x86_64-debian-clang
Version: 1.0.1.1
Check: examples
Result: NOTE
Examples with CPU (user + system) or elapsed time > 5s
user system elapsed
stepSGB 3.964 0.019 5.843
Flavor: r-devel-linux-x86_64-debian-gcc