CRAN Package Check Results for Package SGPdata

Last updated on 2025-04-30 04:50:19 CEST.

Flavor Version Tinstall Tcheck Ttotal Status Flags
r-devel-linux-x86_64-debian-clang 28.0-0.0 70.97 45.58 116.55 OK
r-devel-linux-x86_64-debian-gcc 28.0-0.0 51.68 32.81 84.49 OK
r-devel-linux-x86_64-fedora-clang 28.0-0.0 189.78 OK
r-devel-linux-x86_64-fedora-gcc 28.0-0.0 196.10 OK
r-devel-windows-x86_64 28.0-0.0 66.00 64.00 130.00 OK
r-patched-linux-x86_64 28.0-0.0 72.26 44.27 116.53 OK
r-release-linux-x86_64 28.0-0.0 71.90 44.38 116.28 OK
r-release-macos-arm64 28.0-0.0 87.00 OK
r-release-macos-x86_64 28.0-0.0 145.00 OK
r-release-windows-x86_64 28.0-0.0 65.00 66.00 131.00 OK
r-oldrel-macos-arm64 28.0-0.0 88.00 NOTE
r-oldrel-macos-x86_64 28.0-0.0 236.00 NOTE
r-oldrel-windows-x86_64 28.0-0.0 78.00 70.00 148.00 NOTE

Check Details

Version: 28.0-0.0
Check: installed package size
Result: NOTE installed size is 7.6Mb sub-directories of 1Mb or more: data 7.5Mb Flavors: r-oldrel-macos-arm64, r-oldrel-macos-x86_64, r-oldrel-windows-x86_64