Last updated on 2025-04-30 04:50:19 CEST.
Flavor | Version | Tinstall | Tcheck | Ttotal | Status | Flags |
---|---|---|---|---|---|---|
r-devel-linux-x86_64-debian-clang | 1.18 | 10.29 | 71.67 | 81.96 | NOTE | |
r-devel-linux-x86_64-debian-gcc | 1.18 | 6.88 | 49.40 | 56.28 | NOTE | |
r-devel-linux-x86_64-fedora-clang | 1.18 | 123.34 | OK | |||
r-devel-linux-x86_64-fedora-gcc | 1.18 | 118.32 | OK | |||
r-devel-windows-x86_64 | 1.18 | 11.00 | 81.00 | 92.00 | OK | |
r-patched-linux-x86_64 | 1.18 | 7.56 | 68.75 | 76.31 | OK | |
r-release-linux-x86_64 | 1.18 | 8.34 | 68.56 | 76.90 | OK | |
r-release-macos-arm64 | 1.18 | 40.00 | OK | |||
r-release-macos-x86_64 | 1.18 | 77.00 | OK | |||
r-release-windows-x86_64 | 1.18 | 10.00 | 77.00 | 87.00 | OK | |
r-oldrel-macos-arm64 | 1.18 | 32.00 | OK | |||
r-oldrel-macos-x86_64 | 1.18 | 55.00 | OK | |||
r-oldrel-windows-x86_64 | 1.18 | 12.00 | 91.00 | 103.00 | OK |
Version: 1.18
Check: CRAN incoming feasibility
Result: NOTE
Maintainer: ‘Marie-Karelle Riviere <eldamjh@gmail.com>’
No Authors@R field in DESCRIPTION.
Please add one, modifying
Authors@R: person(given = "Marie-Karelle",
family = "Riviere",
role = c("aut", "cre"),
email = "eldamjh@gmail.com")
as necessary.
Flavors: r-devel-linux-x86_64-debian-clang, r-devel-linux-x86_64-debian-gcc