Last updated on 2025-11-04 03:51:07 CET.
| Flavor | Version | Tinstall | Tcheck | Ttotal | Status | Flags | 
|---|---|---|---|---|---|---|
| r-devel-linux-x86_64-debian-clang | 1.18 | 8.70 | 71.90 | 80.60 | NOTE | |
| r-devel-linux-x86_64-debian-gcc | 1.18 | 6.48 | 51.41 | 57.89 | NOTE | |
| r-devel-linux-x86_64-fedora-clang | 1.18 | 21.00 | 105.24 | 126.24 | OK | |
| r-devel-linux-x86_64-fedora-gcc | 1.18 | 22.00 | 100.97 | 122.97 | OK | |
| r-devel-windows-x86_64 | 1.18 | 10.00 | 74.00 | 84.00 | OK | |
| r-patched-linux-x86_64 | 1.18 | 9.41 | 68.95 | 78.36 | OK | |
| r-release-linux-x86_64 | 1.18 | 9.64 | 69.52 | 79.16 | OK | |
| r-release-macos-arm64 | 1.18 | 4.00 | 36.00 | 40.00 | OK | |
| r-release-macos-x86_64 | 1.18 | 9.00 | 68.00 | 77.00 | OK | |
| r-release-windows-x86_64 | 1.18 | 10.00 | 73.00 | 83.00 | OK | |
| r-oldrel-macos-arm64 | 1.18 | 4.00 | 28.00 | 32.00 | OK | |
| r-oldrel-macos-x86_64 | 1.18 | 6.00 | 49.00 | 55.00 | OK | |
| r-oldrel-windows-x86_64 | 1.18 | 13.00 | 94.00 | 107.00 | OK | 
Version: 1.18
Check: CRAN incoming feasibility
Result: NOTE
  Maintainer: ‘Marie-Karelle Riviere <eldamjh@gmail.com>’
  
  No Authors@R field in DESCRIPTION.
  Please add one, modifying
    Authors@R: person(given = "Marie-Karelle",
                      family = "Riviere",
                      role = c("aut", "cre"),
                      email = "eldamjh@gmail.com")
  as necessary.
Flavors: r-devel-linux-x86_64-debian-clang, r-devel-linux-x86_64-debian-gcc