Last updated on 2025-04-30 04:50:19 CEST.
Flavor | Version | Tinstall | Tcheck | Ttotal | Status | Flags |
---|---|---|---|---|---|---|
r-devel-linux-x86_64-debian-clang | 1.0.0 | 29.24 | 27.91 | 57.15 | NOTE | |
r-devel-linux-x86_64-debian-gcc | 1.0.0 | 20.56 | 20.52 | 41.08 | NOTE | |
r-devel-linux-x86_64-fedora-clang | 1.0.0 | 91.96 | OK | |||
r-devel-linux-x86_64-fedora-gcc | 1.0.0 | 86.47 | OK | |||
r-devel-windows-x86_64 | 1.0.0 | 26.00 | 73.00 | 99.00 | OK | |
r-patched-linux-x86_64 | 1.0.0 | 25.27 | 26.12 | 51.39 | OK | |
r-release-linux-x86_64 | 1.0.0 | 25.67 | 25.99 | 51.66 | OK | |
r-release-macos-arm64 | 1.0.0 | 34.00 | OK | |||
r-release-macos-x86_64 | 1.0.0 | 62.00 | OK | |||
r-release-windows-x86_64 | 1.0.0 | 27.00 | 70.00 | 97.00 | OK | |
r-oldrel-macos-arm64 | 1.0.0 | 26.00 | OK | |||
r-oldrel-macos-x86_64 | 1.0.0 | 47.00 | OK | |||
r-oldrel-windows-x86_64 | 1.0.0 | 32.00 | 73.00 | 105.00 | OK |
Version: 1.0.0
Check: CRAN incoming feasibility
Result: NOTE
Maintainer: ‘Rong Zhang <roz16@pitt.edu>’
No Authors@R field in DESCRIPTION.
Please add one, modifying
Authors@R: c(person(given = "Rong",
family = "Zhang",
role = c("aut", "cre"),
email = "roz16@pitt.edu"),
person(given = "Zhao",
family = "Ren",
role = "aut"),
person(given = "Wei",
family = "Chen",
role = "aut"))
as necessary.
Flavors: r-devel-linux-x86_64-debian-clang, r-devel-linux-x86_64-debian-gcc