Last updated on 2025-04-30 04:50:19 CEST.
Flavor | Version | Tinstall | Tcheck | Ttotal | Status | Flags |
---|---|---|---|---|---|---|
r-devel-linux-x86_64-debian-clang | 0.4.1 | 29.85 | 194.80 | 224.65 | NOTE | |
r-devel-linux-x86_64-debian-gcc | 0.4.1 | 18.97 | 144.64 | 163.61 | NOTE | |
r-devel-linux-x86_64-fedora-clang | 0.4.1 | 323.44 | OK | |||
r-devel-linux-x86_64-fedora-gcc | 0.4.1 | 316.06 | OK | |||
r-devel-windows-x86_64 | 0.4.1 | 34.00 | 210.00 | 244.00 | OK | |
r-patched-linux-x86_64 | 0.4.1 | 28.22 | 160.67 | 188.89 | OK | |
r-release-linux-x86_64 | 0.4.1 | 27.92 | 164.64 | 192.56 | OK | |
r-release-macos-arm64 | 0.4.1 | 101.00 | OK | |||
r-release-macos-x86_64 | 0.4.1 | 193.00 | OK | |||
r-release-windows-x86_64 | 0.4.1 | 34.00 | 216.00 | 250.00 | OK | |
r-oldrel-macos-arm64 | 0.4.1 | 91.00 | OK | |||
r-oldrel-macos-x86_64 | 0.4.1 | 186.00 | OK | |||
r-oldrel-windows-x86_64 | 0.4.1 | 39.00 | 268.00 | 307.00 | OK |
Version: 0.4.1
Check: examples
Result: NOTE
Examples with CPU (user + system) or elapsed time > 5s
user system elapsed
createCrossPlan 9.076 0.041 13.194
Flavor: r-devel-linux-x86_64-debian-clang
Version: 0.4.1
Check: examples
Result: NOTE
Examples with CPU (user + system) or elapsed time > 5s
user system elapsed
createCrossPlan 5.106 0.028 6.548
Flavor: r-devel-linux-x86_64-debian-gcc