Last updated on 2025-04-30 04:50:19 CEST.
Flavor | Version | Tinstall | Tcheck | Ttotal | Status | Flags |
---|---|---|---|---|---|---|
r-devel-linux-x86_64-debian-clang | 1.1.1 | 11.23 | 28.99 | 40.22 | NOTE | |
r-devel-linux-x86_64-debian-gcc | 1.1.1 | 8.47 | 22.20 | 30.67 | NOTE | |
r-devel-linux-x86_64-fedora-clang | 1.1.1 | 66.60 | OK | |||
r-devel-linux-x86_64-fedora-gcc | 1.1.1 | 63.79 | OK | |||
r-devel-windows-x86_64 | 1.1.1 | 16.00 | 78.00 | 94.00 | OK | |
r-patched-linux-x86_64 | 1.1.1 | 11.78 | 26.87 | 38.65 | OK | |
r-release-linux-x86_64 | 1.1.1 | 11.99 | 26.83 | 38.82 | OK | |
r-release-macos-arm64 | 1.1.1 | 28.00 | OK | |||
r-release-macos-x86_64 | 1.1.1 | 40.00 | OK | |||
r-release-windows-x86_64 | 1.1.1 | 16.00 | 80.00 | 96.00 | OK | |
r-oldrel-macos-arm64 | 1.1.1 | 24.00 | OK | |||
r-oldrel-macos-x86_64 | 1.1.1 | 35.00 | OK | |||
r-oldrel-windows-x86_64 | 1.1.1 | 17.00 | 105.00 | 122.00 | OK |
Version: 1.1.1
Check: CRAN incoming feasibility
Result: NOTE
Maintainer: ‘F Scott Dahlgren <fdahlgr@gmail.com>’
No Authors@R field in DESCRIPTION.
Please add one, modifying
Authors@R: c(person(given = c("F", "Scott"),
family = "Dahlgren",
role = c("aut", "cre"),
email = "fdahlgr@gmail.com"),
person(given = c("Ivo", "M"),
family = "Foppa",
role = "aut"))
as necessary.
Flavors: r-devel-linux-x86_64-debian-clang, r-devel-linux-x86_64-debian-gcc