Last updated on 2025-04-30 04:50:19 CEST.
Flavor | Version | Tinstall | Tcheck | Ttotal | Status | Flags |
---|---|---|---|---|---|---|
r-devel-linux-x86_64-debian-clang | 0.2.3 | 15.66 | 231.68 | 247.34 | NOTE | |
r-devel-linux-x86_64-debian-gcc | 0.2.3 | 11.27 | 177.24 | 188.51 | OK | |
r-devel-linux-x86_64-fedora-clang | 0.2.3 | 374.30 | OK | |||
r-devel-linux-x86_64-fedora-gcc | 0.2.3 | 330.42 | OK | |||
r-devel-windows-x86_64 | 0.2.3 | 15.00 | 199.00 | 214.00 | OK | |
r-patched-linux-x86_64 | 0.2.3 | 15.43 | 220.03 | 235.46 | OK | |
r-release-linux-x86_64 | 0.2.3 | 14.38 | 218.67 | 233.05 | OK | |
r-release-macos-arm64 | 0.2.3 | 107.00 | OK | |||
r-release-macos-x86_64 | 0.2.3 | 178.00 | OK | |||
r-release-windows-x86_64 | 0.2.3 | 17.00 | 201.00 | 218.00 | OK | |
r-oldrel-macos-arm64 | 0.2.3 | 110.00 | OK | |||
r-oldrel-macos-x86_64 | 0.2.3 | 253.00 | OK | |||
r-oldrel-windows-x86_64 | 0.2.3 | 21.00 | 278.00 | 299.00 | OK |
Version: 0.2.3
Check: examples
Result: NOTE
Examples with CPU (user + system) or elapsed time > 5s
user system elapsed
SFCB-class 3.491 0.332 5.402
Flavor: r-devel-linux-x86_64-debian-clang