CRAN Package Check Results for Package SITH

Last updated on 2025-04-30 04:50:19 CEST.

Flavor Version Tinstall Tcheck Ttotal Status Flags
r-devel-linux-x86_64-debian-clang 1.1.0 27.56 56.00 83.56 NOTE
r-devel-linux-x86_64-debian-gcc 1.1.0 19.59 43.76 63.35 NOTE
r-devel-linux-x86_64-fedora-clang 1.1.0 145.73 OK
r-devel-linux-x86_64-fedora-gcc 1.1.0 151.98 OK
r-devel-windows-x86_64 1.1.0 32.00 93.00 125.00 OK
r-patched-linux-x86_64 1.1.0 27.66 53.42 81.08 OK
r-release-linux-x86_64 1.1.0 26.75 55.32 82.07 OK
r-release-macos-arm64 1.1.0 62.00 OK
r-release-macos-x86_64 1.1.0 106.00 OK
r-release-windows-x86_64 1.1.0 31.00 99.00 130.00 OK
r-oldrel-macos-arm64 1.1.0 80.00 OK
r-oldrel-macos-x86_64 1.1.0 98.00 OK
r-oldrel-windows-x86_64 1.1.0 30.00 112.00 142.00 OK

Check Details

Version: 1.1.0
Check: CRAN incoming feasibility
Result: NOTE Maintainer: ‘Phillip B. Nicol <philnicol740@gmail.com>’ No Authors@R field in DESCRIPTION. Please add one, modifying Authors@R: person(given = c("Phillip", "B."), family = "Nicol", role = c("aut", "cre"), email = "philnicol740@gmail.com") as necessary. Flavors: r-devel-linux-x86_64-debian-clang, r-devel-linux-x86_64-debian-gcc