Last updated on 2025-04-30 04:50:19 CEST.
Flavor | Version | Tinstall | Tcheck | Ttotal | Status | Flags |
---|---|---|---|---|---|---|
r-devel-linux-x86_64-debian-clang | 2.2.5 | 31.57 | 174.81 | 206.38 | NOTE | |
r-devel-linux-x86_64-debian-gcc | 2.2.5 | 20.55 | 124.46 | 145.01 | NOTE | |
r-devel-linux-x86_64-fedora-clang | 2.2.5 | 341.09 | OK | |||
r-devel-linux-x86_64-fedora-gcc | 2.2.5 | 354.74 | OK | |||
r-devel-windows-x86_64 | 2.2.5 | 38.00 | 222.00 | 260.00 | OK | |
r-patched-linux-x86_64 | 2.2.5 | 30.39 | 176.98 | 207.37 | OK | |
r-release-linux-x86_64 | 2.2.5 | 27.96 | 173.84 | 201.80 | OK | |
r-release-macos-arm64 | 2.2.5 | 107.00 | OK | |||
r-release-macos-x86_64 | 2.2.5 | 215.00 | OK | |||
r-release-windows-x86_64 | 2.2.5 | 39.00 | 227.00 | 266.00 | OK | |
r-oldrel-macos-arm64 | 2.2.5 | 97.00 | OK | |||
r-oldrel-macos-x86_64 | 2.2.5 | 166.00 | OK | |||
r-oldrel-windows-x86_64 | 2.2.5 | 45.00 | 260.00 | 305.00 | OK |
Version: 2.2.5
Check: CRAN incoming feasibility
Result: NOTE
Maintainer: ‘Seunggeun (Shawn) Lee <lee7801@snu.ac.kr>’
No Authors@R field in DESCRIPTION.
Please add one, modifying
Authors@R: c(person(given = "Seunggeun",
family = "Lee",
role = "aut",
comment = "Shawn"),
person(given = "Zhangchen",
family = "Zhao",
role = "aut"),
person(given = c("with", "contributions", "from", "Larisa"),
family = "Miropolsky",
role = "aut"),
person(given = "Michael",
family = "Wu",
role = "aut"),
person(given = "Seunggeun",
family = "Lee",
role = "cre",
email = "lee7801@snu.ac.kr",
comment = "Shawn"))
as necessary.
Flavors: r-devel-linux-x86_64-debian-clang, r-devel-linux-x86_64-debian-gcc
Version: 2.2.5
Check: examples
Result: NOTE
Examples with CPU (user + system) or elapsed time > 5s
user system elapsed
SKAT_ChrX 7.593 0.338 9.541
SKAT_NULL_emmaX 4.358 0.017 5.143
SKAT_Null_Model 4.173 0.040 5.027
SKAT_Null_Model_MomentAdjust 3.895 0.010 5.123
Flavor: r-devel-linux-x86_64-debian-clang
Version: 2.2.5
Check: examples
Result: NOTE
Examples with CPU (user + system) or elapsed time > 5s
user system elapsed
SKAT_ChrX 4.753 0.133 6.729
SKAT_NULL_emmaX 4.178 0.019 6.090
Flavor: r-devel-linux-x86_64-debian-gcc