Last updated on 2025-04-30 04:50:19 CEST.
Flavor | Version | Tinstall | Tcheck | Ttotal | Status | Flags |
---|---|---|---|---|---|---|
r-devel-linux-x86_64-debian-clang | 0.2.4 | 41.51 | 71.72 | 113.23 | NOTE | |
r-devel-linux-x86_64-debian-gcc | 0.2.4 | 33.07 | 50.99 | 84.06 | NOTE | |
r-devel-linux-x86_64-fedora-clang | 0.2.4 | 171.13 | OK | |||
r-devel-linux-x86_64-fedora-gcc | 0.2.4 | 185.45 | OK | |||
r-devel-windows-x86_64 | 0.2.4 | 45.00 | 102.00 | 147.00 | OK | |
r-patched-linux-x86_64 | 0.2.4 | 44.09 | 70.18 | 114.27 | OK | |
r-release-linux-x86_64 | 0.2.4 | 41.02 | 69.58 | 110.60 | OK | |
r-release-macos-arm64 | 0.2.4 | 48.00 | OK | |||
r-release-macos-x86_64 | 0.2.4 | 84.00 | OK | |||
r-release-windows-x86_64 | 0.2.4 | 46.00 | 101.00 | 147.00 | OK | |
r-oldrel-macos-arm64 | 0.2.4 | 50.00 | NOTE | |||
r-oldrel-macos-x86_64 | 0.2.4 | 68.00 | NOTE | |||
r-oldrel-windows-x86_64 | 0.2.4 | 50.00 | 128.00 | 178.00 | OK |
Version: 0.2.4
Check: CRAN incoming feasibility
Result: NOTE
Maintainer: ‘Hanmo Li <hanmo@pstat.ucsb.edu>’
The Description field contains
Mengyang Gu (2023), <arXiv:2310.18611>.
Please refer to arXiv e-prints via their arXiv DOI <doi:10.48550/arXiv.YYMM.NNNNN>.
Flavors: r-devel-linux-x86_64-debian-clang, r-devel-linux-x86_64-debian-gcc
Version: 0.2.4
Check: installed package size
Result: NOTE
installed size is 15.5Mb
sub-directories of 1Mb or more:
libs 15.3Mb
Flavors: r-oldrel-macos-arm64, r-oldrel-macos-x86_64