Last updated on 2025-04-30 04:50:19 CEST.
Flavor | Version | Tinstall | Tcheck | Ttotal | Status | Flags |
---|---|---|---|---|---|---|
r-devel-linux-x86_64-debian-clang | 0.1.1 | 2.94 | 32.09 | 35.03 | NOTE | |
r-devel-linux-x86_64-debian-gcc | 0.1.1 | 2.16 | 25.31 | 27.47 | NOTE | |
r-devel-linux-x86_64-fedora-clang | 0.1.1 | 54.00 | NOTE | |||
r-devel-linux-x86_64-fedora-gcc | 0.1.1 | 51.48 | NOTE | |||
r-devel-windows-x86_64 | 0.1.1 | 5.00 | 54.00 | 59.00 | OK | |
r-patched-linux-x86_64 | 0.1.1 | 3.05 | 30.30 | 33.35 | OK | |
r-release-linux-x86_64 | 0.1.1 | 2.46 | 30.92 | 33.38 | OK | |
r-release-macos-arm64 | 0.1.1 | 35.00 | OK | |||
r-release-macos-x86_64 | 0.1.1 | 37.00 | OK | |||
r-release-windows-x86_64 | 0.1.1 | 4.00 | 52.00 | 56.00 | OK | |
r-oldrel-macos-arm64 | 0.1.1 | 24.00 | NOTE | |||
r-oldrel-macos-x86_64 | 0.1.1 | 29.00 | NOTE | |||
r-oldrel-windows-x86_64 | 0.1.1 | 6.00 | 58.00 | 64.00 | NOTE |
Version: 0.1.1
Check: CRAN incoming feasibility
Result: NOTE
Maintainer: ‘Dipankar Bandyopadhyay <bandyopd@gmail.com>’
No Authors@R field in DESCRIPTION.
Please add one, modifying
Authors@R: c(person(given = "Jing",
family = "Xu",
role = "aut"),
person(given = "Dipankar",
family = "Bandyopadhyay",
role = c("aut", "cre"),
email = "bandyopd@gmail.com"),
person(given = "Douglas",
family = "Azevedo",
role = "aut"),
person(given = "Bibhas",
family = "Chakraborty",
role = "aut"))
as necessary.
The Description field contains
<arXiv:1902.09386>.
Please refer to arXiv e-prints via their arXiv DOI <doi:10.48550/arXiv.YYMM.NNNNN>.
Flavors: r-devel-linux-x86_64-debian-clang, r-devel-linux-x86_64-debian-gcc
Version: 0.1.1
Check: dependencies in R code
Result: NOTE
Namespace in Imports field not imported from: ‘covr’
All declared Imports should be used.
Flavors: r-devel-linux-x86_64-fedora-clang, r-devel-linux-x86_64-fedora-gcc
Version: 0.1.1
Check: LazyData
Result: NOTE
'LazyData' is specified without a 'data' directory
Flavors: r-oldrel-macos-arm64, r-oldrel-macos-x86_64, r-oldrel-windows-x86_64