CRAN Package Check Results for Package SMITIDvisu

Last updated on 2025-04-30 04:50:20 CEST.

Flavor Version Tinstall Tcheck Ttotal Status Flags
r-devel-linux-x86_64-debian-clang 0.0.9 10.77 34.67 45.44 NOTE
r-devel-linux-x86_64-debian-gcc 0.0.9 7.81 26.12 33.93 NOTE
r-devel-linux-x86_64-fedora-clang 0.0.9 78.77 NOTE
r-devel-linux-x86_64-fedora-gcc 0.0.9 71.49 NOTE
r-devel-windows-x86_64 0.0.9 15.00 72.00 87.00 NOTE
r-patched-linux-x86_64 0.0.9 11.60 32.77 44.37 NOTE
r-release-linux-x86_64 0.0.9 10.80 33.27 44.07 NOTE
r-release-macos-arm64 0.0.9 26.00 NOTE
r-release-macos-x86_64 0.0.9 46.00 NOTE
r-release-windows-x86_64 0.0.9 17.00 76.00 93.00 NOTE
r-oldrel-macos-arm64 0.0.9 28.00 NOTE
r-oldrel-macos-x86_64 0.0.9 41.00 NOTE
r-oldrel-windows-x86_64 0.0.9 18.00 87.00 105.00 NOTE

Check Details

Version: 0.0.9
Check: C++ specification
Result: NOTE Specified C++11: please drop specification unless essential Flavors: r-devel-linux-x86_64-debian-clang, r-devel-linux-x86_64-debian-gcc, r-devel-linux-x86_64-fedora-clang, r-devel-linux-x86_64-fedora-gcc, r-devel-windows-x86_64, r-patched-linux-x86_64, r-release-linux-x86_64, r-release-macos-arm64, r-release-macos-x86_64, r-release-windows-x86_64, r-oldrel-macos-arm64, r-oldrel-macos-x86_64, r-oldrel-windows-x86_64