Last updated on 2025-04-30 04:50:20 CEST.
Flavor | Version | Tinstall | Tcheck | Ttotal | Status | Flags |
---|---|---|---|---|---|---|
r-devel-linux-x86_64-debian-clang | 2.2-2 | 12.23 | 324.89 | 337.12 | NOTE | |
r-devel-linux-x86_64-debian-gcc | 2.2-2 | 10.28 | 211.06 | 221.34 | OK | |
r-devel-linux-x86_64-fedora-clang | 2.2-2 | 524.27 | OK | |||
r-devel-linux-x86_64-fedora-gcc | 2.2-2 | 579.43 | OK | |||
r-devel-windows-x86_64 | 2.2-2 | 14.00 | 364.00 | 378.00 | OK | |
r-patched-linux-x86_64 | 2.2-2 | 14.13 | 308.14 | 322.27 | OK | |
r-release-linux-x86_64 | 2.2-2 | 13.29 | 303.43 | 316.72 | OK | |
r-release-macos-arm64 | 2.2-2 | 182.00 | OK | |||
r-release-macos-x86_64 | 2.2-2 | 370.00 | OK | |||
r-release-windows-x86_64 | 2.2-2 | 16.00 | 366.00 | 382.00 | OK | |
r-oldrel-macos-arm64 | 2.2-2 | 164.00 | OK | |||
r-oldrel-macos-x86_64 | 2.2-2 | 400.00 | OK | |||
r-oldrel-windows-x86_64 | 2.2-2 | 18.00 | 498.00 | 516.00 | OK |
Version: 2.2-2
Check: examples
Result: NOTE
Examples with CPU (user + system) or elapsed time > 5s
user system elapsed
vote_update 6.565 0.230 9.568
smle_select 5.623 0.012 7.196
plot.selection 4.873 0.008 5.455
Flavor: r-devel-linux-x86_64-debian-clang