Last updated on 2025-04-30 04:50:20 CEST.
Flavor | Version | Tinstall | Tcheck | Ttotal | Status | Flags |
---|---|---|---|---|---|---|
r-devel-linux-x86_64-debian-clang | 1.1 | 23.28 | 67.46 | 90.74 | NOTE | |
r-devel-linux-x86_64-debian-gcc | 1.1 | 16.43 | 50.15 | 66.58 | NOTE | |
r-devel-linux-x86_64-fedora-clang | 1.1 | 151.63 | OK | |||
r-devel-linux-x86_64-fedora-gcc | 1.1 | 147.65 | OK | |||
r-devel-windows-x86_64 | 1.1 | 28.00 | 112.00 | 140.00 | OK | |
r-patched-linux-x86_64 | 1.1 | 23.51 | 66.49 | 90.00 | OK | |
r-release-linux-x86_64 | 1.1 | 21.98 | 67.14 | 89.12 | OK | |
r-release-macos-arm64 | 1.1 | 45.00 | OK | |||
r-release-macos-x86_64 | 1.1 | 86.00 | OK | |||
r-release-windows-x86_64 | 1.1 | 27.00 | 100.00 | 127.00 | OK | |
r-oldrel-macos-arm64 | 1.1 | 42.00 | OK | |||
r-oldrel-macos-x86_64 | 1.1 | 61.00 | OK | |||
r-oldrel-windows-x86_64 | 1.1 | 30.00 | 118.00 | 148.00 | OK |
Version: 1.1
Check: CRAN incoming feasibility
Result: NOTE
Maintainer: ‘Wujuan Zhong <zhongwujuan@gmail.com>’
No Authors@R field in DESCRIPTION.
Please add one, modifying
Authors@R: person(given = "Wujuan",
family = "Zhong",
role = c("aut", "cre"),
email = "zhongwujuan@gmail.com")
as necessary.
Flavors: r-devel-linux-x86_64-debian-clang, r-devel-linux-x86_64-debian-gcc