Last updated on 2025-04-30 04:50:20 CEST.
Flavor | Version | Tinstall | Tcheck | Ttotal | Status | Flags |
---|---|---|---|---|---|---|
r-devel-linux-x86_64-debian-clang | 2.1-2 | 19.11 | 234.94 | 254.05 | NOTE | |
r-devel-linux-x86_64-debian-gcc | 2.1-2 | 12.66 | 173.03 | 185.69 | NOTE | |
r-devel-linux-x86_64-fedora-clang | 2.1-2 | 423.44 | OK | |||
r-devel-linux-x86_64-fedora-gcc | 2.1-2 | 397.19 | OK | |||
r-devel-windows-x86_64 | 2.1-2 | 20.00 | 228.00 | 248.00 | OK | |
r-patched-linux-x86_64 | 2.1-2 | 20.16 | 227.42 | 247.58 | OK | |
r-release-linux-x86_64 | 2.1-2 | 18.81 | 226.38 | 245.19 | OK | |
r-release-macos-arm64 | 2.1-2 | 108.00 | OK | |||
r-release-macos-x86_64 | 2.1-2 | 212.00 | OK | |||
r-release-windows-x86_64 | 2.1-2 | 20.00 | 226.00 | 246.00 | OK | |
r-oldrel-macos-arm64 | 2.1-2 | 113.00 | NOTE | |||
r-oldrel-macos-x86_64 | 2.1-2 | 166.00 | NOTE | |||
r-oldrel-windows-x86_64 | 2.1-2 | 26.00 | 302.00 | 328.00 | OK |
Version: 2.1-2
Check: examples
Result: NOTE
Examples with CPU (user + system) or elapsed time > 5s
user system elapsed
plotWGassociation 6.609 0.774 7.045
interactionPval 5.193 0.145 6.671
permTest 3.319 0.380 5.472
Examples with CPU time > 2.5 times elapsed time
user system elapsed ratio
plotMissing 2.667 0.306 0.288 10.323
Flavor: r-devel-linux-x86_64-debian-clang
Version: 2.1-2
Check: examples
Result: NOTE
Examples with CPU (user + system) or elapsed time > 5s
user system elapsed
plotWGassociation 4.583 0.884 3.876
Examples with CPU time > 2.5 times elapsed time
user system elapsed ratio
plotMissing 3.704 0.841 0.212 21.439
Flavor: r-devel-linux-x86_64-debian-gcc
Version: 2.1-2
Check: package dependencies
Result: NOTE
Package suggested but not available for checking: ‘TxDb.Hsapiens.UCSC.hg19.knownGene’
Flavors: r-oldrel-macos-arm64, r-oldrel-macos-x86_64