Last updated on 2025-11-04 03:51:08 CET.
| Flavor | Version | Tinstall | Tcheck | Ttotal | Status | Flags | 
|---|---|---|---|---|---|---|
| r-devel-linux-x86_64-debian-clang | 2.1-2 | 21.00 | 252.81 | 273.81 | OK | |
| r-devel-linux-x86_64-debian-gcc | 2.1-2 | 13.70 | 172.57 | 186.27 | OK | |
| r-devel-linux-x86_64-fedora-clang | 2.1-2 | 98.00 | 357.82 | 455.82 | OK | |
| r-devel-linux-x86_64-fedora-gcc | 2.1-2 | 46.00 | 386.22 | 432.22 | OK | |
| r-devel-windows-x86_64 | 2.1-2 | 21.00 | 230.00 | 251.00 | OK | |
| r-patched-linux-x86_64 | 2.1-2 | 21.70 | 233.16 | 254.86 | OK | |
| r-release-linux-x86_64 | 2.1-2 | 20.36 | 235.95 | 256.31 | OK | |
| r-release-macos-arm64 | 2.1-2 | 8.00 | 100.00 | 108.00 | OK | |
| r-release-macos-x86_64 | 2.1-2 | 18.00 | 194.00 | 212.00 | OK | |
| r-release-windows-x86_64 | 2.1-2 | 20.00 | 229.00 | 249.00 | OK | |
| r-oldrel-macos-arm64 | 2.1-2 | 8.00 | 105.00 | 113.00 | NOTE | |
| r-oldrel-macos-x86_64 | 2.1-2 | 14.00 | 152.00 | 166.00 | NOTE | |
| r-oldrel-windows-x86_64 | 2.1-2 | 29.00 | 306.00 | 335.00 | OK | 
Version: 2.1-2
Check: package dependencies
Result: NOTE
  Package suggested but not available for checking: ‘TxDb.Hsapiens.UCSC.hg19.knownGene’
Flavors: r-oldrel-macos-arm64, r-oldrel-macos-x86_64