CRAN Package Check Results for Package SNSchart

Last updated on 2025-04-30 04:50:20 CEST.

Flavor Version Tinstall Tcheck Ttotal Status Flags
r-devel-linux-x86_64-debian-clang 1.4.0 3.85 50.79 54.64 NOTE
r-devel-linux-x86_64-debian-gcc 1.4.0 2.62 38.18 40.80 NOTE
r-devel-linux-x86_64-fedora-clang 1.4.0 84.07 OK
r-devel-linux-x86_64-fedora-gcc 1.4.0 94.92 OK
r-devel-windows-x86_64 1.4.0 5.00 76.00 81.00 OK
r-patched-linux-x86_64 1.4.0 4.76 47.89 52.65 OK
r-release-linux-x86_64 1.4.0 3.66 47.74 51.40 OK
r-release-macos-arm64 1.4.0 35.00 OK
r-release-macos-x86_64 1.4.0 63.00 OK
r-release-windows-x86_64 1.4.0 6.00 79.00 85.00 OK
r-oldrel-macos-arm64 1.4.0 30.00 OK
r-oldrel-macos-x86_64 1.4.0 50.00 OK
r-oldrel-windows-x86_64 1.4.0 6.00 85.00 91.00 OK

Check Details

Version: 1.4.0
Check: CRAN incoming feasibility
Result: NOTE Maintainer: ‘Luis Benavides <luisbv@tec.mx>’ The Description field contains (2019) <arXiv:1901.04443>. Please refer to arXiv e-prints via their arXiv DOI <doi:10.48550/arXiv.YYMM.NNNNN>. Flavors: r-devel-linux-x86_64-debian-clang, r-devel-linux-x86_64-debian-gcc

Version: 1.4.0
Check: examples
Result: NOTE Examples with CPU (user + system) or elapsed time > 5s user system elapsed calibrateControlLimit 4.439 0.026 5.498 Flavor: r-devel-linux-x86_64-debian-clang