Last updated on 2025-04-30 04:50:20 CEST.
Flavor | Version | Tinstall | Tcheck | Ttotal | Status | Flags |
---|---|---|---|---|---|---|
r-devel-linux-x86_64-debian-clang | 1.4 | 8.80 | 105.56 | 114.36 | NOTE | |
r-devel-linux-x86_64-debian-gcc | 1.4 | 5.73 | 70.01 | 75.74 | NOTE | |
r-devel-linux-x86_64-fedora-clang | 1.4 | 199.77 | OK | |||
r-devel-linux-x86_64-fedora-gcc | 1.4 | 177.10 | OK | |||
r-devel-windows-x86_64 | 1.4 | 10.00 | 125.00 | 135.00 | NOTE | |
r-patched-linux-x86_64 | 1.4 | 10.05 | 100.80 | 110.85 | NOTE | |
r-release-linux-x86_64 | 1.4 | 8.80 | 101.13 | 109.93 | NOTE | |
r-release-macos-arm64 | 1.4 | 51.00 | OK | |||
r-release-macos-x86_64 | 1.4 | 91.00 | OK | |||
r-release-windows-x86_64 | 1.4 | 11.00 | 127.00 | 138.00 | NOTE | |
r-oldrel-macos-arm64 | 1.4 | 46.00 | OK | |||
r-oldrel-macos-x86_64 | 1.4 | 73.00 | OK | |||
r-oldrel-windows-x86_64 | 1.4 | 12.00 | 150.00 | 162.00 | OK |
Version: 1.4
Check: Rd cross-references
Result: NOTE
Found the following Rd file(s) with Rd \link{} targets missing package
anchors:
createSaturated.Rd: FrF2, DoE.base
Please provide package anchors for all Rd \link{} targets not in the
package itself and the base packages.
Flavors: r-devel-linux-x86_64-debian-clang, r-devel-linux-x86_64-debian-gcc, r-devel-windows-x86_64, r-patched-linux-x86_64, r-release-linux-x86_64, r-release-windows-x86_64
Version: 1.4
Check: examples
Result: NOTE
Examples with CPU (user + system) or elapsed time > 5s
user system elapsed
OSOAs_LiuLiu 3.847 0.032 5.047
Flavor: r-devel-linux-x86_64-debian-clang