CRAN Package Check Results for Package SOMEnv

Last updated on 2025-04-30 04:50:20 CEST.

Flavor Version Tinstall Tcheck Ttotal Status Flags
r-devel-linux-x86_64-debian-clang 1.1.2 14.28 100.13 114.41 OK
r-devel-linux-x86_64-debian-gcc 1.1.2 8.29 72.71 81.00 OK
r-devel-linux-x86_64-fedora-clang 1.1.2 173.57 NOTE
r-devel-linux-x86_64-fedora-gcc 1.1.2 165.12 NOTE
r-devel-windows-x86_64 1.1.2 15.00 102.00 117.00 OK
r-patched-linux-x86_64 1.1.2 13.58 95.19 108.77 OK
r-release-linux-x86_64 1.1.2 11.29 95.44 106.73 OK
r-release-macos-arm64 1.1.2 49.00 OK
r-release-macos-x86_64 1.1.2 86.00 OK
r-release-windows-x86_64 1.1.2 14.00 102.00 116.00 OK
r-oldrel-macos-arm64 1.1.2 43.00 OK
r-oldrel-macos-x86_64 1.1.2 69.00 OK
r-oldrel-windows-x86_64 1.1.2 18.00 129.00 147.00 OK

Check Details

Version: 1.1.2
Check: dependencies in R code
Result: NOTE Namespace in Imports field not imported from: ‘rlist’ All declared Imports should be used. Flavors: r-devel-linux-x86_64-fedora-clang, r-devel-linux-x86_64-fedora-gcc