Last updated on 2025-04-30 04:50:20 CEST.
Flavor | Version | Tinstall | Tcheck | Ttotal | Status | Flags |
---|---|---|---|---|---|---|
r-devel-linux-x86_64-debian-clang | 1.0-1 | 4.25 | 42.95 | 47.20 | NOTE | |
r-devel-linux-x86_64-debian-gcc | 1.0-1 | 2.96 | 31.10 | 34.06 | OK | |
r-devel-linux-x86_64-fedora-clang | 1.0-1 | 70.18 | OK | |||
r-devel-linux-x86_64-fedora-gcc | 1.0-1 | 75.13 | OK | |||
r-devel-windows-x86_64 | 1.0-1 | 5.00 | 68.00 | 73.00 | OK | |
r-patched-linux-x86_64 | 1.0-1 | 4.33 | 44.11 | 48.44 | OK | |
r-release-linux-x86_64 | 1.0-1 | 4.11 | 44.48 | 48.59 | OK | |
r-release-macos-arm64 | 1.0-1 | 27.00 | OK | |||
r-release-macos-x86_64 | 1.0-1 | 46.00 | OK | |||
r-release-windows-x86_64 | 1.0-1 | 4.00 | 64.00 | 68.00 | OK | |
r-oldrel-macos-arm64 | 1.0-1 | 25.00 | OK | |||
r-oldrel-macos-x86_64 | 1.0-1 | 38.00 | OK | |||
r-oldrel-windows-x86_64 | 1.0-1 | 5.00 | 74.00 | 79.00 | OK |
Version: 1.0-1
Check: examples
Result: NOTE
Examples with CPU (user + system) or elapsed time > 5s
user system elapsed
sop 4.489 0.042 6.308
rae 3.043 0.091 5.059
Flavor: r-devel-linux-x86_64-debian-clang